{"id":1951,"date":"2023-09-30T13:50:54","date_gmt":"2023-09-30T18:50:54","guid":{"rendered":"https:\/\/www.jiproequip.com\/?post_type=product&#038;p=1951"},"modified":"2023-09-30T13:54:39","modified_gmt":"2023-09-30T18:54:39","slug":"sistema-de-hidrolavado-con-remolque-para-desalinizar-y-descontaminar","status":"publish","type":"product","link":"https:\/\/www.jiproequip.com\/index.php\/producto\/sistema-de-hidrolavado-con-remolque-para-desalinizar-y-descontaminar\/","title":{"rendered":"Sistema de hidrolavado con remolque para desalinizar y descontaminar"},"content":{"rendered":"<div class=\"wp-block-stackable-column stk-block-column stk-column stk-block stk-a42bbec\" data-v=\"4\" data-block-id=\"a42bbec\">\r\n<div class=\"stk-column-wrapper stk-block-column__content stk-container stk-a42bbec-container stk--no-background stk--no-padding\">\r\n<div class=\"stk-block-content stk-inner-blocks stk-a42bbec-inner-blocks\"><div class=\"wp-block-stackable-carousel stk-block-carousel stk--is-slide stk--arrows-justify-space-between stk--arrows-align-center stk-block stk-6d5b6f7\" data-slides-to-show=\"\" data-block-id=\"6d5b6f7\">\r\n<div class=\"stk-block-carousel__content-wrapper\">\r\n<div class=\"stk-row stk-inner-blocks stk-block-content stk-block-carousel__slider-wrapper stk-content-align stk-6d5b6f7-column\">\r\n<div class=\"stk-block-carousel__slider\" role=\"list\" data-autoplay=\"4000\" data-label-slide-of=\"Slide %%d of %%d\"><div class=\"wp-block-stackable-column stk-block-column stk-column stk-block stk-5a69e44\" data-v=\"4\" data-block-id=\"5a69e44\">\r\n<div class=\"stk-column-wrapper stk-block-column__content stk-container stk-5a69e44-container stk--no-background stk--no-padding\">\r\n<div class=\"stk-block-content stk-inner-blocks stk-5a69e44-inner-blocks\"><div class=\"wp-block-stackable-image stk-block-image stk-block stk-64219fc\" data-block-id=\"64219fc\">\r\n<figure class=\"stk-img-wrapper stk-image--shape-stretch\"><img loading=\"lazy\" decoding=\"async\" class=\"stk-img              alignnone wp-image-1952 \" src=\"http:\/\/https:\/\/www.jiproequip.com\/wp-content\/uploads\/2023\/09\/Hidrolavado_remolque_descontaminar_desalinizar_Cristanini_Columbec_02_B.png\" alt=\"\" width=\"561\" height=\"382\" \/><\/figure>\r\n<\/div><\/div>\r\n<\/div>\r\n<\/div><\/div>\r\n<\/div>\r\n<\/div>\r\n<\/div><\/div>\r\n<\/div>\r\n<\/div><div class=\"wp-block-stackable-column stk-block-column stk-column stk-block stk-776f52c\" data-v=\"4\" data-block-id=\"776f52c\">\r\n<div class=\"stk-column-wrapper stk-block-column__content stk-container stk-776f52c-container stk--no-background stk--no-padding\">\r\n<div class=\"stk-block-content stk-inner-blocks stk-776f52c-inner-blocks\"><div id=\"unidad-trifasica-de-lavado-de-alta-presion-de-agua-fria-a-2175-p-s-i\" class=\"wp-block-stackable-heading stk-block-heading stk-block-heading--v2 stk-block stk-6ead452 stk-block-background\" data-block-id=\"6ead452\">\r\n<div class=\"pl_i2t\">\r\n<div class=\"pl_i2t\">\r\n<div class=\"pl_i2t\">\r\n<div class=\"pl_i2t\">\r\n<div class=\"pl_i2t\">\r\n<div class=\"pl_i2t\">\r\n<div class=\"pl_i2t\">\r\n<div class=\"pl_i2t\">\r\n<div class=\"pl_i2t\">\r\n<div class=\"pl_i2t\">\r\n<div class=\"pl_i2t\">\r\n<div class=\"pl_i2t\">\r\n<div class=\"pl_i2t\">\r\n<div class=\"pl_i2t\">\r\n<div class=\"pl_i2t\">\r\n<div class=\"pl_i2t\">\r\n<h2>Sistema de hidrolavado con remolque para desalinizar y descontaminar<\/h2>\r\n<\/div>\r\n<\/div>\r\n<\/div>\r\n<\/div>\r\n<\/div>\r\n<\/div>\r\n<\/div>\r\n<\/div>\r\n<\/div>\r\n<\/div>\r\n<\/div>\r\n<\/div>\r\n<\/div>\r\n<\/div>\r\n<\/div>\r\n<\/div>\r\n<div class=\"pl_i2c\">\r\n<div class=\"pl_i2c\">\r\n<div class=\"pl_i2c\">Sistema completo y aut\u00f3nomo, instalado en un remolque y operando con agua a una temperatura de 30 \u00b0 C (86 \u00b0 F) a 90 \u00b0 C (194 \u00b0 F) y con un caudal de agua variable de 5 a 20 litros por minuto. Este sistema permite emplear preventivamente productos de protecci\u00f3n contra la corrosi\u00f3n.<br \/>Equipo de agua a presi\u00f3n para limpiar y descontaminar cualquier clase de superficie con o sin productos qu\u00edmicos. Especialmente dise\u00f1ado para la desalinizaci\u00f3n y descontaminaci\u00f3n de aeronaves ligeras y helic\u00f3pteros.<br \/>\r\n<p>Las operaciones en ambiente muy contaminado causan una reducci\u00f3n de la eficacia, de la fiabilidad y de la duraci\u00f3n de la vida de todos los aviones as\u00ed como un coste de mantenimiento elevado.<\/p>\r\n<p>Teniendo en cuenta la capacidad de funcionar durante varias horas a una distancia reducida del mar, los helic\u00f3pteros y las aeronaves con palas giratorias son particularmente vulnerables a la agresi\u00f3n de la tierra. Sucede lo mismo a las aeronaves sobre plataforma, en los aeropuertos situados cerca del mar y\/o en las zonas des\u00e9rticas.<\/p>\r\n<p>Teniendo en cuenta su naturaleza corrosiva, los elementos de arena y sal (compuestos al 80% de cloruro de sodio) pueden corroer la superficie de la c\u00e9lula, en particular las piezas de aluminio, de acero, de aleaciones e incluso de material compuesto, pudiendo resultar en infraestructuras principales insuficientes, necesitando la realizaci\u00f3n cotidiana de desalinizaci\u00f3n para mantener la eficacia y la respuesta inmediata de los aviones.<\/p>\r\n<p>Adem\u00e1s la sulfataci\u00f3n (causada por la combusti\u00f3n del carburante y contra la que ning\u00fan motor de turbina esta inmunizado) provoca la formaci\u00f3n de sulfato de sodio, el cual tiende a depositar principalmente en la base del rotor y en el perfil de las palas. Esto provoca el debilitamiento de estos \u00faltimos y por consecuencia un riesgo de fallo peligroso de la misma turbina.<\/p>\r\n<p>Para asegurar la eficacia y la disponibilidad del avi\u00f3n es necesario, adem\u00e1s de una vigilancia constante, realizar la limpieza cotidiana y la descontaminaci\u00f3n de todas las partes del rotor, con cualquier porcentaje de contaminaci\u00f3n presente en las zonas donde se ha operado.<\/p>\r\n<p>Gracias a su gran versatibilidad, este equipo de hidrolavado constituye una soluci\u00f3n muy eficaz para el mantenimiento de las aeronaves ligeras y helic\u00f3pteros, tanto para las operaciones de desalinizaci\u00f3n de la c\u00e9lula como para las de limpieza ordinaria de los rotores y de la turbina.<\/p>\r\n<p>M\u00e1s aun, trabajando tanto con agua fr\u00eda como con agua caliente o vapor a presi\u00f3n de 10 bars (145 psi) hasta un m\u00e1ximo previsto por el tipo de la m\u00e1quina, las Hidro-operadoras pueden ser utilizadas tambi\u00e9n para la preparaci\u00f3n de motores para la pintura, para desengrasar las piezas mec\u00e1nicas y para las delicadas operaciones de descongelaci\u00f3n.<\/p>\r\n<p>Las capacidades operativas de este sistema han sido probadas por muchos y renombrados departamentos de defensa y aerol\u00edneas a\u00e9reas.<\/p>\r\n<p>El equipo est\u00e1 especialmente indicado para la eliminaci\u00f3n de pel\u00edculas mixtas de sal y grasa, que se hayan depositado en el avi\u00f3n durante las operaciones de manipulaci\u00f3n y de ensamblaje de los diferentes componentes, sin causar da\u00f1os a las estructuras despu\u00e9s de la utilizaci\u00f3n del equipo.<\/p>\r\n<\/div>\r\n<br \/>\r\n<div>\r\n<p>&nbsp;<\/p>\r\n<\/div>\r\n<\/div>\r\n<\/div>\r\n<\/div>\r\n<\/div>\r\n<\/div>\r\n<\/div>","protected":false},"excerpt":{"rendered":"<p>Sistema de hidrolavado con remolque para desalinizar y descontaminar Sistema completo y aut\u00f3nomo, instalado en un remolque y operando con agua a una temperatura de 30 \u00b0 C (86 \u00b0 F) a 90 \u00b0 C (194 \u00b0 F) y con un caudal de agua variable de 5 a 20 litros por minuto. Este sistema permite [&hellip;]<\/p>\n","protected":false},"featured_media":1952,"comment_status":"open","ping_status":"closed","template":"","meta":{"_uag_custom_page_level_css":""},"product_brand":[],"product_cat":[21],"product_tag":[],"class_list":{"0":"post-1951","1":"product","2":"type-product","3":"status-publish","4":"has-post-thumbnail","6":"product_cat-hidrolavadoras","8":"first","9":"instock","10":"shipping-taxable","11":"product-type-simple"},"yoast_head":"<!-- This site is optimized with the Yoast SEO plugin v25.2 - https:\/\/yoast.com\/wordpress\/plugins\/seo\/ -->\n<title>Sistema de hidrolavado con remolque para desalinizar y descontaminar - Ji-proequip<\/title>\n<meta name=\"robots\" content=\"index, follow, max-snippet:-1, max-image-preview:large, max-video-preview:-1\" \/>\n<link rel=\"canonical\" href=\"https:\/\/www.jiproequip.com\/index.php\/producto\/sistema-de-hidrolavado-con-remolque-para-desalinizar-y-descontaminar\/\" \/>\n<meta property=\"og:locale\" content=\"es_ES\" \/>\n<meta property=\"og:type\" content=\"article\" \/>\n<meta property=\"og:title\" content=\"Sistema de hidrolavado con remolque para desalinizar y descontaminar - Ji-proequip\" \/>\n<meta property=\"og:description\" content=\"Sistema de hidrolavado con remolque para desalinizar y descontaminar Sistema completo y aut\u00f3nomo, instalado en un remolque y operando con agua a una temperatura de 30 \u00b0 C (86 \u00b0 F) a 90 \u00b0 C (194 \u00b0 F) y con un caudal de agua variable de 5 a 20 litros por minuto. Este sistema permite [&hellip;]\" \/>\n<meta property=\"og:url\" content=\"https:\/\/www.jiproequip.com\/index.php\/producto\/sistema-de-hidrolavado-con-remolque-para-desalinizar-y-descontaminar\/\" \/>\n<meta property=\"og:site_name\" content=\"Ji-proequip\" \/>\n<meta property=\"article:modified_time\" content=\"2023-09-30T18:54:39+00:00\" \/>\n<meta property=\"og:image\" content=\"https:\/\/www.jiproequip.com\/wp-content\/uploads\/2023\/09\/Hidrolavado_remolque_descontaminar_desalinizar_Cristanini_Columbec_02_B.png\" \/>\n\t<meta property=\"og:image:width\" content=\"800\" \/>\n\t<meta property=\"og:image:height\" content=\"545\" \/>\n\t<meta property=\"og:image:type\" content=\"image\/png\" \/>\n<meta name=\"twitter:card\" content=\"summary_large_image\" \/>\n<meta name=\"twitter:label1\" content=\"Tiempo de lectura\" \/>\n\t<meta name=\"twitter:data1\" content=\"3 minutos\" \/>\n<script type=\"application\/ld+json\" class=\"yoast-schema-graph\">{\"@context\":\"https:\/\/schema.org\",\"@graph\":[{\"@type\":\"WebPage\",\"@id\":\"https:\/\/www.jiproequip.com\/index.php\/producto\/sistema-de-hidrolavado-con-remolque-para-desalinizar-y-descontaminar\/\",\"url\":\"https:\/\/www.jiproequip.com\/index.php\/producto\/sistema-de-hidrolavado-con-remolque-para-desalinizar-y-descontaminar\/\",\"name\":\"Sistema de hidrolavado con remolque para desalinizar y descontaminar - Ji-proequip\",\"isPartOf\":{\"@id\":\"https:\/\/www.jiproequip.com\/#website\"},\"primaryImageOfPage\":{\"@id\":\"https:\/\/www.jiproequip.com\/index.php\/producto\/sistema-de-hidrolavado-con-remolque-para-desalinizar-y-descontaminar\/#primaryimage\"},\"image\":{\"@id\":\"https:\/\/www.jiproequip.com\/index.php\/producto\/sistema-de-hidrolavado-con-remolque-para-desalinizar-y-descontaminar\/#primaryimage\"},\"thumbnailUrl\":\"https:\/\/www.jiproequip.com\/wp-content\/uploads\/2023\/09\/Hidrolavado_remolque_descontaminar_desalinizar_Cristanini_Columbec_02_B.png\",\"datePublished\":\"2023-09-30T18:50:54+00:00\",\"dateModified\":\"2023-09-30T18:54:39+00:00\",\"breadcrumb\":{\"@id\":\"https:\/\/www.jiproequip.com\/index.php\/producto\/sistema-de-hidrolavado-con-remolque-para-desalinizar-y-descontaminar\/#breadcrumb\"},\"inLanguage\":\"es\",\"potentialAction\":[{\"@type\":\"ReadAction\",\"target\":[\"https:\/\/www.jiproequip.com\/index.php\/producto\/sistema-de-hidrolavado-con-remolque-para-desalinizar-y-descontaminar\/\"]}]},{\"@type\":\"ImageObject\",\"inLanguage\":\"es\",\"@id\":\"https:\/\/www.jiproequip.com\/index.php\/producto\/sistema-de-hidrolavado-con-remolque-para-desalinizar-y-descontaminar\/#primaryimage\",\"url\":\"https:\/\/www.jiproequip.com\/wp-content\/uploads\/2023\/09\/Hidrolavado_remolque_descontaminar_desalinizar_Cristanini_Columbec_02_B.png\",\"contentUrl\":\"https:\/\/www.jiproequip.com\/wp-content\/uploads\/2023\/09\/Hidrolavado_remolque_descontaminar_desalinizar_Cristanini_Columbec_02_B.png\",\"width\":800,\"height\":545},{\"@type\":\"BreadcrumbList\",\"@id\":\"https:\/\/www.jiproequip.com\/index.php\/producto\/sistema-de-hidrolavado-con-remolque-para-desalinizar-y-descontaminar\/#breadcrumb\",\"itemListElement\":[{\"@type\":\"ListItem\",\"position\":1,\"name\":\"Home\",\"item\":\"https:\/\/www.jiproequip.com\/\"},{\"@type\":\"ListItem\",\"position\":2,\"name\":\"Tienda\",\"item\":\"https:\/\/www.jiproequip.com\/index.php\/tienda\/\"},{\"@type\":\"ListItem\",\"position\":3,\"name\":\"Sistema de hidrolavado con remolque para desalinizar y descontaminar\"}]},{\"@type\":\"WebSite\",\"@id\":\"https:\/\/www.jiproequip.com\/#website\",\"url\":\"https:\/\/www.jiproequip.com\/\",\"name\":\"Ji-proequip\",\"description\":\"Venta de equipos industriales con servicio t\u00e9cnico especializado\",\"publisher\":{\"@id\":\"https:\/\/www.jiproequip.com\/#organization\"},\"potentialAction\":[{\"@type\":\"SearchAction\",\"target\":{\"@type\":\"EntryPoint\",\"urlTemplate\":\"https:\/\/www.jiproequip.com\/?s={search_term_string}\"},\"query-input\":{\"@type\":\"PropertyValueSpecification\",\"valueRequired\":true,\"valueName\":\"search_term_string\"}}],\"inLanguage\":\"es\"},{\"@type\":\"Organization\",\"@id\":\"https:\/\/www.jiproequip.com\/#organization\",\"name\":\"Ji-proequip\",\"url\":\"https:\/\/www.jiproequip.com\/\",\"logo\":{\"@type\":\"ImageObject\",\"inLanguage\":\"es\",\"@id\":\"https:\/\/www.jiproequip.com\/#\/schema\/logo\/image\/\",\"url\":\"https:\/\/www.jiproequip.com\/wp-content\/uploads\/2025\/06\/LOGO-JIproequip-2025.png\",\"contentUrl\":\"https:\/\/www.jiproequip.com\/wp-content\/uploads\/2025\/06\/LOGO-JIproequip-2025.png\",\"width\":2433,\"height\":596,\"caption\":\"Ji-proequip\"},\"image\":{\"@id\":\"https:\/\/www.jiproequip.com\/#\/schema\/logo\/image\/\"}}]}<\/script>\n<!-- \/ Yoast SEO plugin. -->","yoast_head_json":{"title":"Sistema de hidrolavado con remolque para desalinizar y descontaminar - Ji-proequip","robots":{"index":"index","follow":"follow","max-snippet":"max-snippet:-1","max-image-preview":"max-image-preview:large","max-video-preview":"max-video-preview:-1"},"canonical":"https:\/\/www.jiproequip.com\/index.php\/producto\/sistema-de-hidrolavado-con-remolque-para-desalinizar-y-descontaminar\/","og_locale":"es_ES","og_type":"article","og_title":"Sistema de hidrolavado con remolque para desalinizar y descontaminar - Ji-proequip","og_description":"Sistema de hidrolavado con remolque para desalinizar y descontaminar Sistema completo y aut\u00f3nomo, instalado en un remolque y operando con agua a una temperatura de 30 \u00b0 C (86 \u00b0 F) a 90 \u00b0 C (194 \u00b0 F) y con un caudal de agua variable de 5 a 20 litros por minuto. Este sistema permite [&hellip;]","og_url":"https:\/\/www.jiproequip.com\/index.php\/producto\/sistema-de-hidrolavado-con-remolque-para-desalinizar-y-descontaminar\/","og_site_name":"Ji-proequip","article_modified_time":"2023-09-30T18:54:39+00:00","og_image":[{"width":800,"height":545,"url":"https:\/\/www.jiproequip.com\/wp-content\/uploads\/2023\/09\/Hidrolavado_remolque_descontaminar_desalinizar_Cristanini_Columbec_02_B.png","type":"image\/png"}],"twitter_card":"summary_large_image","twitter_misc":{"Tiempo de lectura":"3 minutos"},"schema":{"@context":"https:\/\/schema.org","@graph":[{"@type":"WebPage","@id":"https:\/\/www.jiproequip.com\/index.php\/producto\/sistema-de-hidrolavado-con-remolque-para-desalinizar-y-descontaminar\/","url":"https:\/\/www.jiproequip.com\/index.php\/producto\/sistema-de-hidrolavado-con-remolque-para-desalinizar-y-descontaminar\/","name":"Sistema de hidrolavado con remolque para desalinizar y descontaminar - Ji-proequip","isPartOf":{"@id":"https:\/\/www.jiproequip.com\/#website"},"primaryImageOfPage":{"@id":"https:\/\/www.jiproequip.com\/index.php\/producto\/sistema-de-hidrolavado-con-remolque-para-desalinizar-y-descontaminar\/#primaryimage"},"image":{"@id":"https:\/\/www.jiproequip.com\/index.php\/producto\/sistema-de-hidrolavado-con-remolque-para-desalinizar-y-descontaminar\/#primaryimage"},"thumbnailUrl":"https:\/\/www.jiproequip.com\/wp-content\/uploads\/2023\/09\/Hidrolavado_remolque_descontaminar_desalinizar_Cristanini_Columbec_02_B.png","datePublished":"2023-09-30T18:50:54+00:00","dateModified":"2023-09-30T18:54:39+00:00","breadcrumb":{"@id":"https:\/\/www.jiproequip.com\/index.php\/producto\/sistema-de-hidrolavado-con-remolque-para-desalinizar-y-descontaminar\/#breadcrumb"},"inLanguage":"es","potentialAction":[{"@type":"ReadAction","target":["https:\/\/www.jiproequip.com\/index.php\/producto\/sistema-de-hidrolavado-con-remolque-para-desalinizar-y-descontaminar\/"]}]},{"@type":"ImageObject","inLanguage":"es","@id":"https:\/\/www.jiproequip.com\/index.php\/producto\/sistema-de-hidrolavado-con-remolque-para-desalinizar-y-descontaminar\/#primaryimage","url":"https:\/\/www.jiproequip.com\/wp-content\/uploads\/2023\/09\/Hidrolavado_remolque_descontaminar_desalinizar_Cristanini_Columbec_02_B.png","contentUrl":"https:\/\/www.jiproequip.com\/wp-content\/uploads\/2023\/09\/Hidrolavado_remolque_descontaminar_desalinizar_Cristanini_Columbec_02_B.png","width":800,"height":545},{"@type":"BreadcrumbList","@id":"https:\/\/www.jiproequip.com\/index.php\/producto\/sistema-de-hidrolavado-con-remolque-para-desalinizar-y-descontaminar\/#breadcrumb","itemListElement":[{"@type":"ListItem","position":1,"name":"Home","item":"https:\/\/www.jiproequip.com\/"},{"@type":"ListItem","position":2,"name":"Tienda","item":"https:\/\/www.jiproequip.com\/index.php\/tienda\/"},{"@type":"ListItem","position":3,"name":"Sistema de hidrolavado con remolque para desalinizar y descontaminar"}]},{"@type":"WebSite","@id":"https:\/\/www.jiproequip.com\/#website","url":"https:\/\/www.jiproequip.com\/","name":"Ji-proequip","description":"Venta de equipos industriales con servicio t\u00e9cnico especializado","publisher":{"@id":"https:\/\/www.jiproequip.com\/#organization"},"potentialAction":[{"@type":"SearchAction","target":{"@type":"EntryPoint","urlTemplate":"https:\/\/www.jiproequip.com\/?s={search_term_string}"},"query-input":{"@type":"PropertyValueSpecification","valueRequired":true,"valueName":"search_term_string"}}],"inLanguage":"es"},{"@type":"Organization","@id":"https:\/\/www.jiproequip.com\/#organization","name":"Ji-proequip","url":"https:\/\/www.jiproequip.com\/","logo":{"@type":"ImageObject","inLanguage":"es","@id":"https:\/\/www.jiproequip.com\/#\/schema\/logo\/image\/","url":"https:\/\/www.jiproequip.com\/wp-content\/uploads\/2025\/06\/LOGO-JIproequip-2025.png","contentUrl":"https:\/\/www.jiproequip.com\/wp-content\/uploads\/2025\/06\/LOGO-JIproequip-2025.png","width":2433,"height":596,"caption":"Ji-proequip"},"image":{"@id":"https:\/\/www.jiproequip.com\/#\/schema\/logo\/image\/"}}]}},"uagb_featured_image_src":{"full":["https:\/\/www.jiproequip.com\/wp-content\/uploads\/2023\/09\/Hidrolavado_remolque_descontaminar_desalinizar_Cristanini_Columbec_02_B.png",800,545,false],"thumbnail":["https:\/\/www.jiproequip.com\/wp-content\/uploads\/2023\/09\/Hidrolavado_remolque_descontaminar_desalinizar_Cristanini_Columbec_02_B.png",150,102,false],"medium":["https:\/\/www.jiproequip.com\/wp-content\/uploads\/2023\/09\/Hidrolavado_remolque_descontaminar_desalinizar_Cristanini_Columbec_02_B.png",300,204,false],"medium_large":["https:\/\/www.jiproequip.com\/wp-content\/uploads\/2023\/09\/Hidrolavado_remolque_descontaminar_desalinizar_Cristanini_Columbec_02_B.png",768,523,false],"large":["https:\/\/www.jiproequip.com\/wp-content\/uploads\/2023\/09\/Hidrolavado_remolque_descontaminar_desalinizar_Cristanini_Columbec_02_B.png",800,545,false],"1536x1536":["https:\/\/www.jiproequip.com\/wp-content\/uploads\/2023\/09\/Hidrolavado_remolque_descontaminar_desalinizar_Cristanini_Columbec_02_B.png",800,545,false],"2048x2048":["https:\/\/www.jiproequip.com\/wp-content\/uploads\/2023\/09\/Hidrolavado_remolque_descontaminar_desalinizar_Cristanini_Columbec_02_B.png",800,545,false],"mailpoet_newsletter_max":["https:\/\/www.jiproequip.com\/wp-content\/uploads\/2023\/09\/Hidrolavado_remolque_descontaminar_desalinizar_Cristanini_Columbec_02_B.png",800,545,false],"woocommerce_thumbnail":["https:\/\/www.jiproequip.com\/wp-content\/uploads\/2023\/09\/Hidrolavado_remolque_descontaminar_desalinizar_Cristanini_Columbec_02_B.png",300,204,false],"woocommerce_single":["https:\/\/www.jiproequip.com\/wp-content\/uploads\/2023\/09\/Hidrolavado_remolque_descontaminar_desalinizar_Cristanini_Columbec_02_B.png",600,409,false],"woocommerce_gallery_thumbnail":["https:\/\/www.jiproequip.com\/wp-content\/uploads\/2023\/09\/Hidrolavado_remolque_descontaminar_desalinizar_Cristanini_Columbec_02_B-100x100.png",100,100,true]},"uagb_author_info":{"display_name":"admin_jiproeq","author_link":"https:\/\/www.jiproequip.com\/index.php\/author\/"},"uagb_comment_info":0,"uagb_excerpt":"Sistema de hidrolavado con remolque para desalinizar y descontaminar Sistema completo y aut\u00f3nomo, instalado en un remolque y operando con agua a una temperatura de 30 \u00b0 C (86 \u00b0 F) a 90 \u00b0 C (194 \u00b0 F) y con un caudal de agua variable de 5 a 20 litros por minuto. Este sistema permite&hellip;","jetpack_sharing_enabled":true,"_links":{"self":[{"href":"https:\/\/www.jiproequip.com\/index.php\/wp-json\/wp\/v2\/product\/1951","targetHints":{"allow":["GET"]}}],"collection":[{"href":"https:\/\/www.jiproequip.com\/index.php\/wp-json\/wp\/v2\/product"}],"about":[{"href":"https:\/\/www.jiproequip.com\/index.php\/wp-json\/wp\/v2\/types\/product"}],"replies":[{"embeddable":true,"href":"https:\/\/www.jiproequip.com\/index.php\/wp-json\/wp\/v2\/comments?post=1951"}],"wp:featuredmedia":[{"embeddable":true,"href":"https:\/\/www.jiproequip.com\/index.php\/wp-json\/wp\/v2\/media\/1952"}],"wp:attachment":[{"href":"https:\/\/www.jiproequip.com\/index.php\/wp-json\/wp\/v2\/media?parent=1951"}],"wp:term":[{"taxonomy":"product_brand","embeddable":true,"href":"https:\/\/www.jiproequip.com\/index.php\/wp-json\/wp\/v2\/product_brand?post=1951"},{"taxonomy":"product_cat","embeddable":true,"href":"https:\/\/www.jiproequip.com\/index.php\/wp-json\/wp\/v2\/product_cat?post=1951"},{"taxonomy":"product_tag","embeddable":true,"href":"https:\/\/www.jiproequip.com\/index.php\/wp-json\/wp\/v2\/product_tag?post=1951"}],"curies":[{"name":"wp","href":"https:\/\/api.w.org\/{rel}","templated":true}]}}