{"id":2013,"date":"2023-09-30T14:55:59","date_gmt":"2023-09-30T19:55:59","guid":{"rendered":"https:\/\/www.jiproequip.com\/?post_type=product&#038;p=2013"},"modified":"2023-09-30T14:58:08","modified_gmt":"2023-09-30T19:58:08","slug":"hidrolavadora-autonoma-a-4000-psi","status":"publish","type":"product","link":"https:\/\/www.jiproequip.com\/index.php\/producto\/hidrolavadora-autonoma-a-4000-psi\/","title":{"rendered":"Hidrolavadora aut\u00f3noma a 4000 PSI"},"content":{"rendered":"<div class=\"wp-block-stackable-column stk-block-column stk-column stk-block stk-a42bbec\" data-v=\"4\" data-block-id=\"a42bbec\">\r\n<div class=\"stk-column-wrapper stk-block-column__content stk-container stk-a42bbec-container stk--no-background stk--no-padding\">\r\n<div class=\"stk-block-content stk-inner-blocks stk-a42bbec-inner-blocks\"><div class=\"wp-block-stackable-carousel stk-block-carousel stk--is-slide stk--arrows-justify-space-between stk--arrows-align-center stk-block stk-6d5b6f7\" data-slides-to-show=\"\" data-block-id=\"6d5b6f7\">\r\n<div class=\"stk-block-carousel__content-wrapper\">\r\n<div class=\"stk-row stk-inner-blocks stk-block-content stk-block-carousel__slider-wrapper stk-content-align stk-6d5b6f7-column\">\r\n<div class=\"stk-block-carousel__slider\" role=\"list\" data-autoplay=\"4000\" data-label-slide-of=\"Slide %%d of %%d\"><div class=\"wp-block-stackable-column stk-block-column stk-column stk-block stk-5a69e44\" data-v=\"4\" data-block-id=\"5a69e44\">\r\n<div class=\"stk-column-wrapper stk-block-column__content stk-container stk-5a69e44-container stk--no-background stk--no-padding\">\r\n<div class=\"stk-block-content stk-inner-blocks stk-5a69e44-inner-blocks\"><div class=\"wp-block-stackable-image stk-block-image stk-block stk-64219fc\" data-block-id=\"64219fc\">\r\n<figure class=\"stk-img-wrapper stk-image--shape-stretch\"><img loading=\"lazy\" decoding=\"async\" class=\"stk-img               alignnone wp-image-2015 \" src=\"http:\/\/https:\/\/www.jiproequip.com\/wp-content\/uploads\/2023\/09\/hidrolavadora_autonoma_Graco_columbec_B.png\" alt=\"\" width=\"413\" height=\"413\" \/><\/figure>\r\n<\/div><\/div>\r\n<\/div>\r\n<\/div><\/div>\r\n<\/div>\r\n<\/div>\r\n<\/div><\/div>\r\n<\/div>\r\n<\/div><div class=\"wp-block-stackable-column stk-block-column stk-column stk-block stk-776f52c\" data-v=\"4\" data-block-id=\"776f52c\">\r\n<div class=\"stk-column-wrapper stk-block-column__content stk-container stk-776f52c-container stk--no-background stk--no-padding\">\r\n<div class=\"stk-block-content stk-inner-blocks stk-776f52c-inner-blocks\"><div id=\"unidad-trifasica-de-lavado-de-alta-presion-de-agua-fria-a-2175-p-s-i\" class=\"wp-block-stackable-heading stk-block-heading stk-block-heading--v2 stk-block stk-6ead452 stk-block-background\" data-block-id=\"6ead452\">\r\n<div class=\"pl_i2t\">\r\n<div class=\"pl_i2t\">\r\n<div class=\"pl_i2t\">\r\n<div class=\"pl_i2t\">\r\n<div class=\"pl_i2t\">\r\n<div class=\"pl_i2t\">\r\n<div class=\"pl_i2t\">\r\n<div class=\"pl_i2t\">\r\n<div class=\"pl_i2t\">\r\n<div class=\"pl_i2t\">\r\n<div class=\"pl_i2t\">\r\n<div class=\"pl_i2t\">\r\n<div class=\"pl_i2t\">\r\n<div class=\"pl_i2t\">\r\n<div class=\"pl_i2t\">\r\n<div class=\"pl_i2t\">\r\n<div class=\"pl_i2t\">\r\n<div class=\"pl_i2t\">\r\n<div class=\"pl_i2t\">\r\n<div class=\"pl_i2t\">\r\n<h2>Hidrolavadora aut\u00f3noma a 4000 PSI<\/h2>\r\n<\/div>\r\n<\/div>\r\n<\/div>\r\n<\/div>\r\n<\/div>\r\n<\/div>\r\n<\/div>\r\n<\/div>\r\n<\/div>\r\n<\/div>\r\n<\/div>\r\n<\/div>\r\n<\/div>\r\n<\/div>\r\n<\/div>\r\n<\/div>\r\n<\/div>\r\n<\/div>\r\n<\/div>\r\n<\/div>\r\n<div class=\"pl_i2c\">\r\n<div class=\"pl_i2c\">\r\n<div class=\"pl_i2c\">\r\n<div class=\"pl_i2c\">\r\n<p>Equipo industrial de lavado a presi\u00f3n con motor de gasolina, lo que otorga plena autonom\u00eda. F\u00e1cil transporte y comodidad de uso.<\/p>\r\n<p>Esta lavadora a presi\u00f3n est\u00e1 dise\u00f1ada para afrontar los trabajos de limpieza m\u00e1s duros. Con el mayor rendimiento disponible para resistir trabajos dif\u00edciles de limpieza y preparaci\u00f3n de superficies que demandan todo un d\u00eda, estos modelos pueden hacer frente a los trabajos m\u00e1s exigentes.<\/p>\r\n<p>Marco de aluminio de alto calibre. Compacta, duradera y ligera para garantizar una carga y una maniobrabilidad sencillas. Resiste la corrosi\u00f3n causada por el agua y los productos qu\u00edmicos. \u00a1No se oxidar\u00e1 como el acero!<\/p>\r\n<p>Bomba de transmisi\u00f3n por correa. Dise\u00f1o de correa triple para lograr una durabilidad mejorada. La bomba de \u00e9mbolo triple funciona m\u00e1s lentamente y a menor temperatura para lograr una durabilidad mayor. La bomba m\u00e1s duradera y de duraci\u00f3n m\u00e1s extensa en la industria. La v\u00e1lvula de alivio t\u00e9rmico protege a la bomba del sobrecalentamiento.<\/p>\r\n<p>Una hidrolavadora a presi\u00f3n con transmisi\u00f3n por correa tiene una bomba equipada con una polea accionada por una correa que corre alrededor de una polea conectada al motor. El sistema de polea permite el funcionamiento de la bomba a rpm mucho m\u00e1s bajas que la bomba de transmisi\u00f3n directa (normalmente 900-1700 rpm). Adem\u00e1s, una bomba con transmisi\u00f3n por correa tiene un c\u00e1rter con m\u00e1s capacidad de aceite y la bomba en s\u00ed est\u00e1 montada lejos del motor, lo que la a\u00edsla del calor que genera el motor. Estos factores, combinados con las bajas rpm, permiten que la bomba funcione a un nivel de menor temperatura que una bomba de transmisi\u00f3n directa. Y debido a que la bomba no est\u00e1 montada en el motor, vibra menos y sufre menos fatiga. Las lavadoras a presi\u00f3n con transmisi\u00f3n por correa ofrecen estos beneficios:<\/p>\r\n<ul>\r\n<li>Bajas rpm<\/li>\r\n<li>Menor temperatura de funcionamiento<\/li>\r\n<li>Menos vibraci\u00f3n y fatiga de la bomba<\/li>\r\n<li>Mayor vida \u00fatil de la bomba<\/li>\r\n<\/ul>\r\n<p>Motor Honda. Los motores de grado industrial ofrecen un funcionamiento libre de inconvenientes. En caso de que existan niveles bajos de aceite, el equipo se detendr\u00e1 autom\u00e1ticamente para evitar que se da\u00f1e.<\/p>\r\n<p>Descargador externo de presi\u00f3n variable. Ajuste la presi\u00f3n para adaptarla a la aplicaci\u00f3n. Permite el ingreso de una mayor cantidad agua en el sistema para brindar una protecci\u00f3n contra el sobrecalentamiento. Extremadamente duradera.<\/p>\r\n<p>Boquillas giratorias y oscilatorias que aumentan el poder de limpieza y disminuyen el tiempo que demanda dicha tarea. Ofrecen 0\u00b0 de impacto de pulverizaci\u00f3n con 25\u00b0 de cobertura. Las boquillas incluyen filtro de conexi\u00f3n r\u00e1pida y ofrecen componentes para servicio pesado para una vida \u00fatil extensa y confiabilidad. Pueden utilizarse sobre aceras, calzadas, veh\u00edculos con orugas, zonas fangosas, pintura vieja que se est\u00e1 descascarando y superficies de hormig\u00f3n<\/p>\r\n<\/div>\r\n<\/div>\r\n<br \/>\r\n<div>\r\n<p>&nbsp;<\/p>\r\n<\/div>\r\n<\/div>\r\n<\/div>\r\n<\/div>\r\n<\/div>\r\n<\/div>\r\n<\/div>","protected":false},"excerpt":{"rendered":"<p>Hidrolavadora aut\u00f3noma a 4000 PSI Equipo industrial de lavado a presi\u00f3n con motor de gasolina, lo que otorga plena autonom\u00eda. F\u00e1cil transporte y comodidad de uso. Esta lavadora a presi\u00f3n est\u00e1 dise\u00f1ada para afrontar los trabajos de limpieza m\u00e1s duros. Con el mayor rendimiento disponible para resistir trabajos dif\u00edciles de limpieza y preparaci\u00f3n de superficies [&hellip;]<\/p>\n","protected":false},"featured_media":2015,"comment_status":"open","ping_status":"closed","template":"","meta":{"_uag_custom_page_level_css":""},"product_brand":[],"product_cat":[21],"product_tag":[],"class_list":{"0":"post-2013","1":"product","2":"type-product","3":"status-publish","4":"has-post-thumbnail","6":"product_cat-hidrolavadoras","8":"first","9":"instock","10":"shipping-taxable","11":"product-type-simple"},"yoast_head":"<!-- This site is optimized with the Yoast SEO plugin v25.2 - https:\/\/yoast.com\/wordpress\/plugins\/seo\/ -->\n<title>Hidrolavadora aut\u00f3noma a 4000 PSI - Ji-proequip<\/title>\n<meta name=\"robots\" content=\"index, follow, max-snippet:-1, max-image-preview:large, max-video-preview:-1\" \/>\n<link rel=\"canonical\" href=\"https:\/\/www.jiproequip.com\/index.php\/producto\/hidrolavadora-autonoma-a-4000-psi\/\" \/>\n<meta property=\"og:locale\" content=\"es_ES\" \/>\n<meta property=\"og:type\" content=\"article\" \/>\n<meta property=\"og:title\" content=\"Hidrolavadora aut\u00f3noma a 4000 PSI - Ji-proequip\" \/>\n<meta property=\"og:description\" content=\"Hidrolavadora aut\u00f3noma a 4000 PSI Equipo industrial de lavado a presi\u00f3n con motor de gasolina, lo que otorga plena autonom\u00eda. F\u00e1cil transporte y comodidad de uso. Esta lavadora a presi\u00f3n est\u00e1 dise\u00f1ada para afrontar los trabajos de limpieza m\u00e1s duros. Con el mayor rendimiento disponible para resistir trabajos dif\u00edciles de limpieza y preparaci\u00f3n de superficies [&hellip;]\" \/>\n<meta property=\"og:url\" content=\"https:\/\/www.jiproequip.com\/index.php\/producto\/hidrolavadora-autonoma-a-4000-psi\/\" \/>\n<meta property=\"og:site_name\" content=\"Ji-proequip\" \/>\n<meta property=\"article:modified_time\" content=\"2023-09-30T19:58:08+00:00\" \/>\n<meta property=\"og:image\" content=\"https:\/\/www.jiproequip.com\/wp-content\/uploads\/2023\/09\/hidrolavadora_autonoma_Graco_columbec_B.png\" \/>\n\t<meta property=\"og:image:width\" content=\"600\" \/>\n\t<meta property=\"og:image:height\" content=\"600\" \/>\n\t<meta property=\"og:image:type\" content=\"image\/png\" \/>\n<meta name=\"twitter:card\" content=\"summary_large_image\" \/>\n<meta name=\"twitter:label1\" content=\"Tiempo de lectura\" \/>\n\t<meta name=\"twitter:data1\" content=\"3 minutos\" \/>\n<script type=\"application\/ld+json\" class=\"yoast-schema-graph\">{\"@context\":\"https:\/\/schema.org\",\"@graph\":[{\"@type\":\"WebPage\",\"@id\":\"https:\/\/www.jiproequip.com\/index.php\/producto\/hidrolavadora-autonoma-a-4000-psi\/\",\"url\":\"https:\/\/www.jiproequip.com\/index.php\/producto\/hidrolavadora-autonoma-a-4000-psi\/\",\"name\":\"Hidrolavadora aut\u00f3noma a 4000 PSI - Ji-proequip\",\"isPartOf\":{\"@id\":\"https:\/\/www.jiproequip.com\/#website\"},\"primaryImageOfPage\":{\"@id\":\"https:\/\/www.jiproequip.com\/index.php\/producto\/hidrolavadora-autonoma-a-4000-psi\/#primaryimage\"},\"image\":{\"@id\":\"https:\/\/www.jiproequip.com\/index.php\/producto\/hidrolavadora-autonoma-a-4000-psi\/#primaryimage\"},\"thumbnailUrl\":\"https:\/\/www.jiproequip.com\/wp-content\/uploads\/2023\/09\/hidrolavadora_autonoma_Graco_columbec_B.png\",\"datePublished\":\"2023-09-30T19:55:59+00:00\",\"dateModified\":\"2023-09-30T19:58:08+00:00\",\"breadcrumb\":{\"@id\":\"https:\/\/www.jiproequip.com\/index.php\/producto\/hidrolavadora-autonoma-a-4000-psi\/#breadcrumb\"},\"inLanguage\":\"es\",\"potentialAction\":[{\"@type\":\"ReadAction\",\"target\":[\"https:\/\/www.jiproequip.com\/index.php\/producto\/hidrolavadora-autonoma-a-4000-psi\/\"]}]},{\"@type\":\"ImageObject\",\"inLanguage\":\"es\",\"@id\":\"https:\/\/www.jiproequip.com\/index.php\/producto\/hidrolavadora-autonoma-a-4000-psi\/#primaryimage\",\"url\":\"https:\/\/www.jiproequip.com\/wp-content\/uploads\/2023\/09\/hidrolavadora_autonoma_Graco_columbec_B.png\",\"contentUrl\":\"https:\/\/www.jiproequip.com\/wp-content\/uploads\/2023\/09\/hidrolavadora_autonoma_Graco_columbec_B.png\",\"width\":600,\"height\":600},{\"@type\":\"BreadcrumbList\",\"@id\":\"https:\/\/www.jiproequip.com\/index.php\/producto\/hidrolavadora-autonoma-a-4000-psi\/#breadcrumb\",\"itemListElement\":[{\"@type\":\"ListItem\",\"position\":1,\"name\":\"Home\",\"item\":\"https:\/\/www.jiproequip.com\/\"},{\"@type\":\"ListItem\",\"position\":2,\"name\":\"Tienda\",\"item\":\"https:\/\/www.jiproequip.com\/index.php\/tienda\/\"},{\"@type\":\"ListItem\",\"position\":3,\"name\":\"Hidrolavadora aut\u00f3noma a 4000 PSI\"}]},{\"@type\":\"WebSite\",\"@id\":\"https:\/\/www.jiproequip.com\/#website\",\"url\":\"https:\/\/www.jiproequip.com\/\",\"name\":\"Ji-proequip\",\"description\":\"Venta de equipos industriales con servicio t\u00e9cnico especializado\",\"publisher\":{\"@id\":\"https:\/\/www.jiproequip.com\/#organization\"},\"potentialAction\":[{\"@type\":\"SearchAction\",\"target\":{\"@type\":\"EntryPoint\",\"urlTemplate\":\"https:\/\/www.jiproequip.com\/?s={search_term_string}\"},\"query-input\":{\"@type\":\"PropertyValueSpecification\",\"valueRequired\":true,\"valueName\":\"search_term_string\"}}],\"inLanguage\":\"es\"},{\"@type\":\"Organization\",\"@id\":\"https:\/\/www.jiproequip.com\/#organization\",\"name\":\"Ji-proequip\",\"url\":\"https:\/\/www.jiproequip.com\/\",\"logo\":{\"@type\":\"ImageObject\",\"inLanguage\":\"es\",\"@id\":\"https:\/\/www.jiproequip.com\/#\/schema\/logo\/image\/\",\"url\":\"https:\/\/www.jiproequip.com\/wp-content\/uploads\/2025\/06\/LOGO-JIproequip-2025.png\",\"contentUrl\":\"https:\/\/www.jiproequip.com\/wp-content\/uploads\/2025\/06\/LOGO-JIproequip-2025.png\",\"width\":2433,\"height\":596,\"caption\":\"Ji-proequip\"},\"image\":{\"@id\":\"https:\/\/www.jiproequip.com\/#\/schema\/logo\/image\/\"}}]}<\/script>\n<!-- \/ Yoast SEO plugin. -->","yoast_head_json":{"title":"Hidrolavadora aut\u00f3noma a 4000 PSI - Ji-proequip","robots":{"index":"index","follow":"follow","max-snippet":"max-snippet:-1","max-image-preview":"max-image-preview:large","max-video-preview":"max-video-preview:-1"},"canonical":"https:\/\/www.jiproequip.com\/index.php\/producto\/hidrolavadora-autonoma-a-4000-psi\/","og_locale":"es_ES","og_type":"article","og_title":"Hidrolavadora aut\u00f3noma a 4000 PSI - Ji-proequip","og_description":"Hidrolavadora aut\u00f3noma a 4000 PSI Equipo industrial de lavado a presi\u00f3n con motor de gasolina, lo que otorga plena autonom\u00eda. F\u00e1cil transporte y comodidad de uso. Esta lavadora a presi\u00f3n est\u00e1 dise\u00f1ada para afrontar los trabajos de limpieza m\u00e1s duros. Con el mayor rendimiento disponible para resistir trabajos dif\u00edciles de limpieza y preparaci\u00f3n de superficies [&hellip;]","og_url":"https:\/\/www.jiproequip.com\/index.php\/producto\/hidrolavadora-autonoma-a-4000-psi\/","og_site_name":"Ji-proequip","article_modified_time":"2023-09-30T19:58:08+00:00","og_image":[{"width":600,"height":600,"url":"https:\/\/www.jiproequip.com\/wp-content\/uploads\/2023\/09\/hidrolavadora_autonoma_Graco_columbec_B.png","type":"image\/png"}],"twitter_card":"summary_large_image","twitter_misc":{"Tiempo de lectura":"3 minutos"},"schema":{"@context":"https:\/\/schema.org","@graph":[{"@type":"WebPage","@id":"https:\/\/www.jiproequip.com\/index.php\/producto\/hidrolavadora-autonoma-a-4000-psi\/","url":"https:\/\/www.jiproequip.com\/index.php\/producto\/hidrolavadora-autonoma-a-4000-psi\/","name":"Hidrolavadora aut\u00f3noma a 4000 PSI - Ji-proequip","isPartOf":{"@id":"https:\/\/www.jiproequip.com\/#website"},"primaryImageOfPage":{"@id":"https:\/\/www.jiproequip.com\/index.php\/producto\/hidrolavadora-autonoma-a-4000-psi\/#primaryimage"},"image":{"@id":"https:\/\/www.jiproequip.com\/index.php\/producto\/hidrolavadora-autonoma-a-4000-psi\/#primaryimage"},"thumbnailUrl":"https:\/\/www.jiproequip.com\/wp-content\/uploads\/2023\/09\/hidrolavadora_autonoma_Graco_columbec_B.png","datePublished":"2023-09-30T19:55:59+00:00","dateModified":"2023-09-30T19:58:08+00:00","breadcrumb":{"@id":"https:\/\/www.jiproequip.com\/index.php\/producto\/hidrolavadora-autonoma-a-4000-psi\/#breadcrumb"},"inLanguage":"es","potentialAction":[{"@type":"ReadAction","target":["https:\/\/www.jiproequip.com\/index.php\/producto\/hidrolavadora-autonoma-a-4000-psi\/"]}]},{"@type":"ImageObject","inLanguage":"es","@id":"https:\/\/www.jiproequip.com\/index.php\/producto\/hidrolavadora-autonoma-a-4000-psi\/#primaryimage","url":"https:\/\/www.jiproequip.com\/wp-content\/uploads\/2023\/09\/hidrolavadora_autonoma_Graco_columbec_B.png","contentUrl":"https:\/\/www.jiproequip.com\/wp-content\/uploads\/2023\/09\/hidrolavadora_autonoma_Graco_columbec_B.png","width":600,"height":600},{"@type":"BreadcrumbList","@id":"https:\/\/www.jiproequip.com\/index.php\/producto\/hidrolavadora-autonoma-a-4000-psi\/#breadcrumb","itemListElement":[{"@type":"ListItem","position":1,"name":"Home","item":"https:\/\/www.jiproequip.com\/"},{"@type":"ListItem","position":2,"name":"Tienda","item":"https:\/\/www.jiproequip.com\/index.php\/tienda\/"},{"@type":"ListItem","position":3,"name":"Hidrolavadora aut\u00f3noma a 4000 PSI"}]},{"@type":"WebSite","@id":"https:\/\/www.jiproequip.com\/#website","url":"https:\/\/www.jiproequip.com\/","name":"Ji-proequip","description":"Venta de equipos industriales con servicio t\u00e9cnico especializado","publisher":{"@id":"https:\/\/www.jiproequip.com\/#organization"},"potentialAction":[{"@type":"SearchAction","target":{"@type":"EntryPoint","urlTemplate":"https:\/\/www.jiproequip.com\/?s={search_term_string}"},"query-input":{"@type":"PropertyValueSpecification","valueRequired":true,"valueName":"search_term_string"}}],"inLanguage":"es"},{"@type":"Organization","@id":"https:\/\/www.jiproequip.com\/#organization","name":"Ji-proequip","url":"https:\/\/www.jiproequip.com\/","logo":{"@type":"ImageObject","inLanguage":"es","@id":"https:\/\/www.jiproequip.com\/#\/schema\/logo\/image\/","url":"https:\/\/www.jiproequip.com\/wp-content\/uploads\/2025\/06\/LOGO-JIproequip-2025.png","contentUrl":"https:\/\/www.jiproequip.com\/wp-content\/uploads\/2025\/06\/LOGO-JIproequip-2025.png","width":2433,"height":596,"caption":"Ji-proequip"},"image":{"@id":"https:\/\/www.jiproequip.com\/#\/schema\/logo\/image\/"}}]}},"uagb_featured_image_src":{"full":["https:\/\/www.jiproequip.com\/wp-content\/uploads\/2023\/09\/hidrolavadora_autonoma_Graco_columbec_B.png",600,600,false],"thumbnail":["https:\/\/www.jiproequip.com\/wp-content\/uploads\/2023\/09\/hidrolavadora_autonoma_Graco_columbec_B.png",150,150,false],"medium":["https:\/\/www.jiproequip.com\/wp-content\/uploads\/2023\/09\/hidrolavadora_autonoma_Graco_columbec_B.png",300,300,false],"medium_large":["https:\/\/www.jiproequip.com\/wp-content\/uploads\/2023\/09\/hidrolavadora_autonoma_Graco_columbec_B.png",600,600,false],"large":["https:\/\/www.jiproequip.com\/wp-content\/uploads\/2023\/09\/hidrolavadora_autonoma_Graco_columbec_B.png",600,600,false],"1536x1536":["https:\/\/www.jiproequip.com\/wp-content\/uploads\/2023\/09\/hidrolavadora_autonoma_Graco_columbec_B.png",600,600,false],"2048x2048":["https:\/\/www.jiproequip.com\/wp-content\/uploads\/2023\/09\/hidrolavadora_autonoma_Graco_columbec_B.png",600,600,false],"mailpoet_newsletter_max":["https:\/\/www.jiproequip.com\/wp-content\/uploads\/2023\/09\/hidrolavadora_autonoma_Graco_columbec_B.png",600,600,false],"woocommerce_thumbnail":["https:\/\/www.jiproequip.com\/wp-content\/uploads\/2023\/09\/hidrolavadora_autonoma_Graco_columbec_B.png",300,300,false],"woocommerce_single":["https:\/\/www.jiproequip.com\/wp-content\/uploads\/2023\/09\/hidrolavadora_autonoma_Graco_columbec_B.png",600,600,false],"woocommerce_gallery_thumbnail":["https:\/\/www.jiproequip.com\/wp-content\/uploads\/2023\/09\/hidrolavadora_autonoma_Graco_columbec_B.png",100,100,false]},"uagb_author_info":{"display_name":"admin_jiproeq","author_link":"https:\/\/www.jiproequip.com\/index.php\/author\/"},"uagb_comment_info":0,"uagb_excerpt":"Hidrolavadora aut\u00f3noma a 4000 PSI Equipo industrial de lavado a presi\u00f3n con motor de gasolina, lo que otorga plena autonom\u00eda. F\u00e1cil transporte y comodidad de uso. Esta lavadora a presi\u00f3n est\u00e1 dise\u00f1ada para afrontar los trabajos de limpieza m\u00e1s duros. Con el mayor rendimiento disponible para resistir trabajos dif\u00edciles de limpieza y preparaci\u00f3n de superficies&hellip;","jetpack_sharing_enabled":true,"_links":{"self":[{"href":"https:\/\/www.jiproequip.com\/index.php\/wp-json\/wp\/v2\/product\/2013","targetHints":{"allow":["GET"]}}],"collection":[{"href":"https:\/\/www.jiproequip.com\/index.php\/wp-json\/wp\/v2\/product"}],"about":[{"href":"https:\/\/www.jiproequip.com\/index.php\/wp-json\/wp\/v2\/types\/product"}],"replies":[{"embeddable":true,"href":"https:\/\/www.jiproequip.com\/index.php\/wp-json\/wp\/v2\/comments?post=2013"}],"wp:featuredmedia":[{"embeddable":true,"href":"https:\/\/www.jiproequip.com\/index.php\/wp-json\/wp\/v2\/media\/2015"}],"wp:attachment":[{"href":"https:\/\/www.jiproequip.com\/index.php\/wp-json\/wp\/v2\/media?parent=2013"}],"wp:term":[{"taxonomy":"product_brand","embeddable":true,"href":"https:\/\/www.jiproequip.com\/index.php\/wp-json\/wp\/v2\/product_brand?post=2013"},{"taxonomy":"product_cat","embeddable":true,"href":"https:\/\/www.jiproequip.com\/index.php\/wp-json\/wp\/v2\/product_cat?post=2013"},{"taxonomy":"product_tag","embeddable":true,"href":"https:\/\/www.jiproequip.com\/index.php\/wp-json\/wp\/v2\/product_tag?post=2013"}],"curies":[{"name":"wp","href":"https:\/\/api.w.org\/{rel}","templated":true}]}}