{"id":2580,"date":"2023-10-08T18:13:39","date_gmt":"2023-10-08T23:13:39","guid":{"rendered":"https:\/\/www.jiproequip.com\/?post_type=product&#038;p=2580"},"modified":"2023-10-08T18:21:09","modified_gmt":"2023-10-08T23:21:09","slug":"lanza-perforadora-muros-rociado-agua-presion","status":"publish","type":"product","link":"https:\/\/www.jiproequip.com\/index.php\/producto\/lanza-perforadora-muros-rociado-agua-presion\/","title":{"rendered":"Lanza perforadora de muros con rociado de agua a presi\u00f3n"},"content":{"rendered":"<div class=\"wp-block-stackable-column stk-block-column stk-column stk-block stk-a42bbec\" data-v=\"4\" data-block-id=\"a42bbec\">\r\n<div class=\"stk-column-wrapper stk-block-column__content stk-container stk-a42bbec-container stk--no-background stk--no-padding\">\r\n<div class=\"stk-block-content stk-inner-blocks stk-a42bbec-inner-blocks\"><div class=\"wp-block-stackable-carousel stk-block-carousel stk--is-slide stk--arrows-justify-space-between stk--arrows-align-center stk-block stk-6d5b6f7\" data-slides-to-show=\"\" data-block-id=\"6d5b6f7\">\r\n<div class=\"stk-block-carousel__content-wrapper\">\r\n<div class=\"stk-row stk-inner-blocks stk-block-content stk-block-carousel__slider-wrapper stk-content-align stk-6d5b6f7-column\">\r\n<div class=\"stk-block-carousel__slider\" role=\"list\" data-autoplay=\"4000\" data-label-slide-of=\"Slide %%d of %%d\"><div class=\"wp-block-stackable-column stk-block-column stk-column stk-block stk-5a69e44\" data-v=\"4\" data-block-id=\"5a69e44\">\r\n<div class=\"stk-column-wrapper stk-block-column__content stk-container stk-5a69e44-container stk--no-background stk--no-padding\">\r\n<div class=\"stk-block-content stk-inner-blocks stk-5a69e44-inner-blocks\"><div class=\"wp-block-stackable-image stk-block-image stk-block stk-64219fc\" data-block-id=\"64219fc\">\r\n<figure class=\"stk-img-wrapper stk-image--shape-stretch\"><img loading=\"lazy\" decoding=\"async\" class=\"stk-img                                                       alignnone wp-image-2593 \" src=\"http:\/\/https:\/\/www.jiproequip.com\/wp-content\/uploads\/2023\/10\/Lanza_perforadora_muros_rociado_agua_presion_Cristanini_Columbec_B.png\" alt=\"\" width=\"432\" height=\"207\" \/><\/figure>\r\n<\/div><\/div>\r\n<\/div>\r\n<\/div><\/div>\r\n<\/div>\r\n<\/div>\r\n<\/div><\/div>\r\n<\/div>\r\n<\/div><div class=\"wp-block-stackable-column stk-block-column stk-column stk-block stk-776f52c\" data-v=\"4\" data-block-id=\"776f52c\">\r\n<div class=\"stk-column-wrapper stk-block-column__content stk-container stk-776f52c-container stk--no-background stk--no-padding\">\r\n<div class=\"stk-block-content stk-inner-blocks stk-776f52c-inner-blocks\"><div id=\"unidad-trifasica-de-lavado-de-alta-presion-de-agua-fria-a-2175-p-s-i\" class=\"wp-block-stackable-heading stk-block-heading stk-block-heading--v2 stk-block stk-6ead452 stk-block-background\" data-block-id=\"6ead452\">\r\n<div class=\"pl_i2t\">\r\n<div class=\"pl_i2t\">\r\n<div class=\"pl_i2t\">\r\n<div class=\"pl_i2t\">\r\n<div class=\"pl_i2t\">\r\n<div class=\"pl_i2t\">\r\n<div class=\"pl_i2t\">\r\n<div class=\"pl_i2t\">\r\n<div class=\"pl_i2t\">\r\n<div class=\"pl_i2t\">\r\n<div class=\"pl_i2t\">\r\n<div class=\"pl_i2t\">\r\n<div class=\"pl_i2t\">\r\n<div class=\"pl_i2t\">\r\n<div class=\"pl_i2t\">\r\n<div class=\"pl_i2t\">\r\n<div class=\"pl_i2t\">\r\n<div class=\"pl_i2t\">\r\n<div class=\"pl_i2t\">\r\n<div class=\"pl_i2t\">\r\n<div class=\"pl_i2t\">\r\n<div class=\"pl_i2t\">\r\n<div class=\"pl_i2t\">\r\n<div class=\"pl_i2t\">\r\n<div class=\"pl_i2t\">\r\n<div class=\"pl_i2t\">\r\n<div class=\"pl_i2t\">\r\n<div class=\"pl_i2t\">\r\n<div class=\"pl_i2t\">\r\n<div class=\"pl_i2t\">\r\n<div class=\"pl_i2t\">\r\n<div class=\"pl_i2t\">\r\n<div class=\"pl_i2t\">\r\n<div class=\"pl_i2t\">\r\n<div class=\"pl_i2t\">\r\n<div class=\"pl_i2t\">\r\n<div class=\"pl_i2t\">\r\n<div class=\"pl_i2t\">\r\n<div class=\"pl_i2t\">\r\n<div class=\"pl_i2t\">\r\n<div class=\"pl_i2t\">\r\n<div class=\"pl_i2t\">\r\n<div class=\"pl_i2t\">\r\n<div class=\"pl_i2t\">\r\n<div class=\"pl_i2t\">\r\n<div class=\"pl_i2t\">\r\n<div class=\"pl_i2t\">\r\n<div class=\"pl_i2t\">\r\n<div class=\"pl_i2t\">\r\n<div class=\"pl_i2t\">\r\n<div class=\"pl_i2t\">\r\n<div class=\"pl_i2t\">\r\n<div class=\"pl_i2t\">\r\n<div class=\"pl_i2t\">\r\n<div class=\"pl_i2t\">\r\n<div class=\"pl_i2t\">\r\n<div class=\"pl_i2t\">\r\n<div class=\"pl_i2t\">\r\n<div class=\"pl_i2t\">\r\n<div class=\"pl_i2t\">\r\n<div class=\"pl_i2t\">\r\n<div class=\"pl_i2t\">\r\n<div class=\"pl_i2t\">\r\n<div class=\"pl_i2t\">\r\n<div class=\"pl_i2t\">\r\n<div class=\"pl_i2t\">\r\n<div class=\"pl_i2t\">\r\n<div class=\"pl_i2t\">\r\n<div class=\"pl_i2t\">\r\n<div class=\"pl_i2t\">\r\n<div class=\"pl_i2t\">\r\n<div class=\"pl_i2t\">\r\n<div class=\"pl_i2t\">\r\n<h2>Lanza perforadora de muros con rociado de agua a presi\u00f3n<\/h2>\r\n<\/div>\r\n<\/div>\r\n<\/div>\r\n<\/div>\r\n<\/div>\r\n<\/div>\r\n<\/div>\r\n<\/div>\r\n<\/div>\r\n<\/div>\r\n<\/div>\r\n<\/div>\r\n<\/div>\r\n<\/div>\r\n<\/div>\r\n<\/div>\r\n<\/div>\r\n<\/div>\r\n<\/div>\r\n<\/div>\r\n<\/div>\r\n<\/div>\r\n<\/div>\r\n<\/div>\r\n<\/div>\r\n<\/div>\r\n<\/div>\r\n<\/div>\r\n<\/div>\r\n<\/div>\r\n<\/div>\r\n<\/div>\r\n<\/div>\r\n<\/div>\r\n<\/div>\r\n<\/div>\r\n<\/div>\r\n<\/div>\r\n<\/div>\r\n<\/div>\r\n<\/div>\r\n<\/div>\r\n<\/div>\r\n<\/div>\r\n<\/div>\r\n<\/div>\r\n<\/div>\r\n<\/div>\r\n<\/div>\r\n<\/div>\r\n<\/div>\r\n<\/div>\r\n<\/div>\r\n<\/div>\r\n<\/div>\r\n<\/div>\r\n<\/div>\r\n<\/div>\r\n<\/div>\r\n<\/div>\r\n<\/div>\r\n<\/div>\r\n<\/div>\r\n<\/div>\r\n<\/div>\r\n<\/div>\r\n<\/div>\r\n<\/div>\r\n<\/div>\r\n<\/div>\r\n<\/div>\r\n<\/div>\r\n<\/div>\r\n<div class=\"pl_i2c\">\r\n<div class=\"pl_i2c\">\r\n<div class=\"pl_i2c\">\r\n<div class=\"pl_i2c\">\r\n<div class=\"pl_i2c\">\r\n<div class=\"pl_i2c\">\r\n<div class=\"pl_i2c\">\r\n<div class=\"pl_i2c\">\r\n<div class=\"pl_i2c\">Sistema id\u00f3neo para la extinci\u00f3n de incendios en espacios cerrados. Se pone la lanza en el punto en el que se quiere perforar la pared, se activa el gatillo del abrasivo y se genera la mezcla perforante. La lanza permite rociar agua a presi\u00f3n sin abrasivo.<br \/>\r\n<div class=\"pl_i2c\">\r\n<p>&nbsp;<\/p>\r\n<\/div>\r\n<\/div>\r\n<div>El sistema es capaz de interrumpir instant\u00e1neamente la mezcla del abrasivo con el agua. En cuando es perforada la pared, el chorro funciona solo con agua. Esto protege a las personas que se hubieran quedado en el espacio cerrado donde se ha declarado el fuego. Con esta soluci\u00f3n el chorro de agua no es nocivo ni peligroso para las personas.<\/div>\r\n<div><img loading=\"lazy\" decoding=\"async\" class=\"alignnone  wp-image-2590\" src=\"http:\/\/https:\/\/www.jiproequip.com\/wp-content\/uploads\/2023\/10\/Lanza_perforadora_muros_rociado_agua_presion_Cristanini_Columbec_10_B.png\" alt=\"\" width=\"600\" height=\"353\" \/><\/div>\r\n<div>\r\n<p>Se puede activar o desactivar al instante el abrasivo mediante el gatillo adecuado y ajustar la cantidad de abrasivo mediante la variaci\u00f3n de la aspiraci\u00f3n generada por la boquilla que se puede visualizar por el vaci\u00f3metro. Se puede utilizar abrasivos de varios tipos, por supuesto, con diferentes tiempos de perforaci\u00f3n. El cambio de boquilla de perforaci\u00f3n con la boquilla water mist se lleva a cabo en 3 a 4 segundos.<\/p>\r\n<p>La lanza ha sido dise\u00f1ada para dar la m\u00e1xima ergonom\u00eda y adaptaci\u00f3n, con los adecuados ajustes, de acuerdo a los requisitos de cualquier operador. La empu\u00f1adura en tres puntos, manos y hombro, permite tener el control preciso del chorro, y mantener la posici\u00f3n con precisi\u00f3n, en las operaciones de perforaci\u00f3n.<\/p>\r\n<p><img loading=\"lazy\" decoding=\"async\" class=\"alignnone size-full wp-image-2591\" src=\"http:\/\/https:\/\/www.jiproequip.com\/wp-content\/uploads\/2023\/10\/Lanza_perforadora_muros_rociado_agua_presion_Cristanini_Columbec_11_B.png\" alt=\"\" width=\"325\" height=\"537\" \/><\/p>\r\n<p><img loading=\"lazy\" decoding=\"async\" class=\"alignnone size-full wp-image-2592\" src=\"http:\/\/https:\/\/www.jiproequip.com\/wp-content\/uploads\/2023\/10\/Lanza_perforadora_muros_rociado_agua_presion_Cristanini_Columbec_12_B.png\" alt=\"\" width=\"710\" height=\"395\" \/><\/p>\r\n<p>El sistema modular combina las propiedades del chorro de agua a la velocidad de 940 km\/h, 261 m\/seg., generado por la alta presi\u00f3n (350 bar) a la salida de la boquilla, con la del abrasivo utilizado y mezclado en la misma lanza. De esta manera, se obtiene un corte potente que permite perforar o cortar incluso grandes espesores.<\/p>\r\n<p>Las personas dentro de unos 5 metros del \u00e1rea de trabajo deben llevar puestas las protecciones. M\u00e1s all\u00e1 de 10 metros no hay problemas para las personas que no lleven puesto el uniforme de protecci\u00f3n.<\/p>\r\n<\/div>\r\n<\/div>\r\n<\/div>\r\n<\/div>\r\n<\/div>\r\n<\/div>\r\n<\/div>\r\n<\/div>\r\n<\/div>\r\n<\/div>\r\n<\/div>\r\n<\/div>\r\n<\/div>","protected":false},"excerpt":{"rendered":"<p>Lanza perforadora de muros con rociado de agua a presi\u00f3n Sistema id\u00f3neo para la extinci\u00f3n de incendios en espacios cerrados. Se pone la lanza en el punto en el que se quiere perforar la pared, se activa el gatillo del abrasivo y se genera la mezcla perforante. La lanza permite rociar agua a presi\u00f3n sin [&hellip;]<\/p>\n","protected":false},"featured_media":2593,"comment_status":"open","ping_status":"closed","template":"","meta":{"_uag_custom_page_level_css":""},"product_brand":[],"product_cat":[45],"product_tag":[],"class_list":{"0":"post-2580","1":"product","2":"type-product","3":"status-publish","4":"has-post-thumbnail","6":"product_cat-descontaminacion","8":"first","9":"instock","10":"shipping-taxable","11":"product-type-simple"},"yoast_head":"<!-- This site is optimized with the Yoast SEO plugin v25.2 - https:\/\/yoast.com\/wordpress\/plugins\/seo\/ -->\n<title>Lanza perforadora de muros con rociado de agua a presi\u00f3n - Ji-proequip<\/title>\n<meta name=\"robots\" content=\"index, follow, max-snippet:-1, max-image-preview:large, max-video-preview:-1\" \/>\n<link rel=\"canonical\" href=\"https:\/\/www.jiproequip.com\/index.php\/producto\/lanza-perforadora-muros-rociado-agua-presion\/\" \/>\n<meta property=\"og:locale\" content=\"es_ES\" \/>\n<meta property=\"og:type\" content=\"article\" \/>\n<meta property=\"og:title\" content=\"Lanza perforadora de muros con rociado de agua a presi\u00f3n - Ji-proequip\" \/>\n<meta property=\"og:description\" content=\"Lanza perforadora de muros con rociado de agua a presi\u00f3n Sistema id\u00f3neo para la extinci\u00f3n de incendios en espacios cerrados. Se pone la lanza en el punto en el que se quiere perforar la pared, se activa el gatillo del abrasivo y se genera la mezcla perforante. La lanza permite rociar agua a presi\u00f3n sin [&hellip;]\" \/>\n<meta property=\"og:url\" content=\"https:\/\/www.jiproequip.com\/index.php\/producto\/lanza-perforadora-muros-rociado-agua-presion\/\" \/>\n<meta property=\"og:site_name\" content=\"Ji-proequip\" \/>\n<meta property=\"article:modified_time\" content=\"2023-10-08T23:21:09+00:00\" \/>\n<meta property=\"og:image\" content=\"https:\/\/www.jiproequip.com\/wp-content\/uploads\/2023\/10\/Lanza_perforadora_muros_rociado_agua_presion_Cristanini_Columbec_B.png\" \/>\n\t<meta property=\"og:image:width\" content=\"805\" \/>\n\t<meta property=\"og:image:height\" content=\"386\" \/>\n\t<meta property=\"og:image:type\" content=\"image\/png\" \/>\n<meta name=\"twitter:card\" content=\"summary_large_image\" \/>\n<meta name=\"twitter:label1\" content=\"Tiempo de lectura\" \/>\n\t<meta name=\"twitter:data1\" content=\"3 minutos\" \/>\n<script type=\"application\/ld+json\" class=\"yoast-schema-graph\">{\"@context\":\"https:\/\/schema.org\",\"@graph\":[{\"@type\":\"WebPage\",\"@id\":\"https:\/\/www.jiproequip.com\/index.php\/producto\/lanza-perforadora-muros-rociado-agua-presion\/\",\"url\":\"https:\/\/www.jiproequip.com\/index.php\/producto\/lanza-perforadora-muros-rociado-agua-presion\/\",\"name\":\"Lanza perforadora de muros con rociado de agua a presi\u00f3n - Ji-proequip\",\"isPartOf\":{\"@id\":\"https:\/\/www.jiproequip.com\/#website\"},\"primaryImageOfPage\":{\"@id\":\"https:\/\/www.jiproequip.com\/index.php\/producto\/lanza-perforadora-muros-rociado-agua-presion\/#primaryimage\"},\"image\":{\"@id\":\"https:\/\/www.jiproequip.com\/index.php\/producto\/lanza-perforadora-muros-rociado-agua-presion\/#primaryimage\"},\"thumbnailUrl\":\"https:\/\/www.jiproequip.com\/wp-content\/uploads\/2023\/10\/Lanza_perforadora_muros_rociado_agua_presion_Cristanini_Columbec_B.png\",\"datePublished\":\"2023-10-08T23:13:39+00:00\",\"dateModified\":\"2023-10-08T23:21:09+00:00\",\"breadcrumb\":{\"@id\":\"https:\/\/www.jiproequip.com\/index.php\/producto\/lanza-perforadora-muros-rociado-agua-presion\/#breadcrumb\"},\"inLanguage\":\"es\",\"potentialAction\":[{\"@type\":\"ReadAction\",\"target\":[\"https:\/\/www.jiproequip.com\/index.php\/producto\/lanza-perforadora-muros-rociado-agua-presion\/\"]}]},{\"@type\":\"ImageObject\",\"inLanguage\":\"es\",\"@id\":\"https:\/\/www.jiproequip.com\/index.php\/producto\/lanza-perforadora-muros-rociado-agua-presion\/#primaryimage\",\"url\":\"https:\/\/www.jiproequip.com\/wp-content\/uploads\/2023\/10\/Lanza_perforadora_muros_rociado_agua_presion_Cristanini_Columbec_B.png\",\"contentUrl\":\"https:\/\/www.jiproequip.com\/wp-content\/uploads\/2023\/10\/Lanza_perforadora_muros_rociado_agua_presion_Cristanini_Columbec_B.png\",\"width\":805,\"height\":386},{\"@type\":\"BreadcrumbList\",\"@id\":\"https:\/\/www.jiproequip.com\/index.php\/producto\/lanza-perforadora-muros-rociado-agua-presion\/#breadcrumb\",\"itemListElement\":[{\"@type\":\"ListItem\",\"position\":1,\"name\":\"Home\",\"item\":\"https:\/\/www.jiproequip.com\/\"},{\"@type\":\"ListItem\",\"position\":2,\"name\":\"Tienda\",\"item\":\"https:\/\/www.jiproequip.com\/index.php\/tienda\/\"},{\"@type\":\"ListItem\",\"position\":3,\"name\":\"Lanza perforadora de muros con rociado de agua a presi\u00f3n\"}]},{\"@type\":\"WebSite\",\"@id\":\"https:\/\/www.jiproequip.com\/#website\",\"url\":\"https:\/\/www.jiproequip.com\/\",\"name\":\"Ji-proequip\",\"description\":\"Venta de equipos industriales con servicio t\u00e9cnico especializado\",\"publisher\":{\"@id\":\"https:\/\/www.jiproequip.com\/#organization\"},\"potentialAction\":[{\"@type\":\"SearchAction\",\"target\":{\"@type\":\"EntryPoint\",\"urlTemplate\":\"https:\/\/www.jiproequip.com\/?s={search_term_string}\"},\"query-input\":{\"@type\":\"PropertyValueSpecification\",\"valueRequired\":true,\"valueName\":\"search_term_string\"}}],\"inLanguage\":\"es\"},{\"@type\":\"Organization\",\"@id\":\"https:\/\/www.jiproequip.com\/#organization\",\"name\":\"Ji-proequip\",\"url\":\"https:\/\/www.jiproequip.com\/\",\"logo\":{\"@type\":\"ImageObject\",\"inLanguage\":\"es\",\"@id\":\"https:\/\/www.jiproequip.com\/#\/schema\/logo\/image\/\",\"url\":\"https:\/\/www.jiproequip.com\/wp-content\/uploads\/2025\/06\/LOGO-JIproequip-2025.png\",\"contentUrl\":\"https:\/\/www.jiproequip.com\/wp-content\/uploads\/2025\/06\/LOGO-JIproequip-2025.png\",\"width\":2433,\"height\":596,\"caption\":\"Ji-proequip\"},\"image\":{\"@id\":\"https:\/\/www.jiproequip.com\/#\/schema\/logo\/image\/\"}}]}<\/script>\n<!-- \/ Yoast SEO plugin. -->","yoast_head_json":{"title":"Lanza perforadora de muros con rociado de agua a presi\u00f3n - Ji-proequip","robots":{"index":"index","follow":"follow","max-snippet":"max-snippet:-1","max-image-preview":"max-image-preview:large","max-video-preview":"max-video-preview:-1"},"canonical":"https:\/\/www.jiproequip.com\/index.php\/producto\/lanza-perforadora-muros-rociado-agua-presion\/","og_locale":"es_ES","og_type":"article","og_title":"Lanza perforadora de muros con rociado de agua a presi\u00f3n - Ji-proequip","og_description":"Lanza perforadora de muros con rociado de agua a presi\u00f3n Sistema id\u00f3neo para la extinci\u00f3n de incendios en espacios cerrados. Se pone la lanza en el punto en el que se quiere perforar la pared, se activa el gatillo del abrasivo y se genera la mezcla perforante. La lanza permite rociar agua a presi\u00f3n sin [&hellip;]","og_url":"https:\/\/www.jiproequip.com\/index.php\/producto\/lanza-perforadora-muros-rociado-agua-presion\/","og_site_name":"Ji-proequip","article_modified_time":"2023-10-08T23:21:09+00:00","og_image":[{"width":805,"height":386,"url":"https:\/\/www.jiproequip.com\/wp-content\/uploads\/2023\/10\/Lanza_perforadora_muros_rociado_agua_presion_Cristanini_Columbec_B.png","type":"image\/png"}],"twitter_card":"summary_large_image","twitter_misc":{"Tiempo de lectura":"3 minutos"},"schema":{"@context":"https:\/\/schema.org","@graph":[{"@type":"WebPage","@id":"https:\/\/www.jiproequip.com\/index.php\/producto\/lanza-perforadora-muros-rociado-agua-presion\/","url":"https:\/\/www.jiproequip.com\/index.php\/producto\/lanza-perforadora-muros-rociado-agua-presion\/","name":"Lanza perforadora de muros con rociado de agua a presi\u00f3n - Ji-proequip","isPartOf":{"@id":"https:\/\/www.jiproequip.com\/#website"},"primaryImageOfPage":{"@id":"https:\/\/www.jiproequip.com\/index.php\/producto\/lanza-perforadora-muros-rociado-agua-presion\/#primaryimage"},"image":{"@id":"https:\/\/www.jiproequip.com\/index.php\/producto\/lanza-perforadora-muros-rociado-agua-presion\/#primaryimage"},"thumbnailUrl":"https:\/\/www.jiproequip.com\/wp-content\/uploads\/2023\/10\/Lanza_perforadora_muros_rociado_agua_presion_Cristanini_Columbec_B.png","datePublished":"2023-10-08T23:13:39+00:00","dateModified":"2023-10-08T23:21:09+00:00","breadcrumb":{"@id":"https:\/\/www.jiproequip.com\/index.php\/producto\/lanza-perforadora-muros-rociado-agua-presion\/#breadcrumb"},"inLanguage":"es","potentialAction":[{"@type":"ReadAction","target":["https:\/\/www.jiproequip.com\/index.php\/producto\/lanza-perforadora-muros-rociado-agua-presion\/"]}]},{"@type":"ImageObject","inLanguage":"es","@id":"https:\/\/www.jiproequip.com\/index.php\/producto\/lanza-perforadora-muros-rociado-agua-presion\/#primaryimage","url":"https:\/\/www.jiproequip.com\/wp-content\/uploads\/2023\/10\/Lanza_perforadora_muros_rociado_agua_presion_Cristanini_Columbec_B.png","contentUrl":"https:\/\/www.jiproequip.com\/wp-content\/uploads\/2023\/10\/Lanza_perforadora_muros_rociado_agua_presion_Cristanini_Columbec_B.png","width":805,"height":386},{"@type":"BreadcrumbList","@id":"https:\/\/www.jiproequip.com\/index.php\/producto\/lanza-perforadora-muros-rociado-agua-presion\/#breadcrumb","itemListElement":[{"@type":"ListItem","position":1,"name":"Home","item":"https:\/\/www.jiproequip.com\/"},{"@type":"ListItem","position":2,"name":"Tienda","item":"https:\/\/www.jiproequip.com\/index.php\/tienda\/"},{"@type":"ListItem","position":3,"name":"Lanza perforadora de muros con rociado de agua a presi\u00f3n"}]},{"@type":"WebSite","@id":"https:\/\/www.jiproequip.com\/#website","url":"https:\/\/www.jiproequip.com\/","name":"Ji-proequip","description":"Venta de equipos industriales con servicio t\u00e9cnico especializado","publisher":{"@id":"https:\/\/www.jiproequip.com\/#organization"},"potentialAction":[{"@type":"SearchAction","target":{"@type":"EntryPoint","urlTemplate":"https:\/\/www.jiproequip.com\/?s={search_term_string}"},"query-input":{"@type":"PropertyValueSpecification","valueRequired":true,"valueName":"search_term_string"}}],"inLanguage":"es"},{"@type":"Organization","@id":"https:\/\/www.jiproequip.com\/#organization","name":"Ji-proequip","url":"https:\/\/www.jiproequip.com\/","logo":{"@type":"ImageObject","inLanguage":"es","@id":"https:\/\/www.jiproequip.com\/#\/schema\/logo\/image\/","url":"https:\/\/www.jiproequip.com\/wp-content\/uploads\/2025\/06\/LOGO-JIproequip-2025.png","contentUrl":"https:\/\/www.jiproequip.com\/wp-content\/uploads\/2025\/06\/LOGO-JIproequip-2025.png","width":2433,"height":596,"caption":"Ji-proequip"},"image":{"@id":"https:\/\/www.jiproequip.com\/#\/schema\/logo\/image\/"}}]}},"uagb_featured_image_src":{"full":["https:\/\/www.jiproequip.com\/wp-content\/uploads\/2023\/10\/Lanza_perforadora_muros_rociado_agua_presion_Cristanini_Columbec_B.png",805,386,false],"thumbnail":["https:\/\/www.jiproequip.com\/wp-content\/uploads\/2023\/10\/Lanza_perforadora_muros_rociado_agua_presion_Cristanini_Columbec_B.png",150,72,false],"medium":["https:\/\/www.jiproequip.com\/wp-content\/uploads\/2023\/10\/Lanza_perforadora_muros_rociado_agua_presion_Cristanini_Columbec_B.png",300,144,false],"medium_large":["https:\/\/www.jiproequip.com\/wp-content\/uploads\/2023\/10\/Lanza_perforadora_muros_rociado_agua_presion_Cristanini_Columbec_B.png",768,368,false],"large":["https:\/\/www.jiproequip.com\/wp-content\/uploads\/2023\/10\/Lanza_perforadora_muros_rociado_agua_presion_Cristanini_Columbec_B.png",805,386,false],"1536x1536":["https:\/\/www.jiproequip.com\/wp-content\/uploads\/2023\/10\/Lanza_perforadora_muros_rociado_agua_presion_Cristanini_Columbec_B.png",805,386,false],"2048x2048":["https:\/\/www.jiproequip.com\/wp-content\/uploads\/2023\/10\/Lanza_perforadora_muros_rociado_agua_presion_Cristanini_Columbec_B.png",805,386,false],"mailpoet_newsletter_max":["https:\/\/www.jiproequip.com\/wp-content\/uploads\/2023\/10\/Lanza_perforadora_muros_rociado_agua_presion_Cristanini_Columbec_B.png",805,386,false],"woocommerce_thumbnail":["https:\/\/www.jiproequip.com\/wp-content\/uploads\/2023\/10\/Lanza_perforadora_muros_rociado_agua_presion_Cristanini_Columbec_B.png",300,144,false],"woocommerce_single":["https:\/\/www.jiproequip.com\/wp-content\/uploads\/2023\/10\/Lanza_perforadora_muros_rociado_agua_presion_Cristanini_Columbec_B.png",600,288,false],"woocommerce_gallery_thumbnail":["https:\/\/www.jiproequip.com\/wp-content\/uploads\/2023\/10\/Lanza_perforadora_muros_rociado_agua_presion_Cristanini_Columbec_B-100x100.png",100,100,true]},"uagb_author_info":{"display_name":"admin_jiproeq","author_link":"https:\/\/www.jiproequip.com\/index.php\/author\/"},"uagb_comment_info":0,"uagb_excerpt":"Lanza perforadora de muros con rociado de agua a presi\u00f3n Sistema id\u00f3neo para la extinci\u00f3n de incendios en espacios cerrados. Se pone la lanza en el punto en el que se quiere perforar la pared, se activa el gatillo del abrasivo y se genera la mezcla perforante. La lanza permite rociar agua a presi\u00f3n sin&hellip;","jetpack_sharing_enabled":true,"_links":{"self":[{"href":"https:\/\/www.jiproequip.com\/index.php\/wp-json\/wp\/v2\/product\/2580","targetHints":{"allow":["GET"]}}],"collection":[{"href":"https:\/\/www.jiproequip.com\/index.php\/wp-json\/wp\/v2\/product"}],"about":[{"href":"https:\/\/www.jiproequip.com\/index.php\/wp-json\/wp\/v2\/types\/product"}],"replies":[{"embeddable":true,"href":"https:\/\/www.jiproequip.com\/index.php\/wp-json\/wp\/v2\/comments?post=2580"}],"wp:featuredmedia":[{"embeddable":true,"href":"https:\/\/www.jiproequip.com\/index.php\/wp-json\/wp\/v2\/media\/2593"}],"wp:attachment":[{"href":"https:\/\/www.jiproequip.com\/index.php\/wp-json\/wp\/v2\/media?parent=2580"}],"wp:term":[{"taxonomy":"product_brand","embeddable":true,"href":"https:\/\/www.jiproequip.com\/index.php\/wp-json\/wp\/v2\/product_brand?post=2580"},{"taxonomy":"product_cat","embeddable":true,"href":"https:\/\/www.jiproequip.com\/index.php\/wp-json\/wp\/v2\/product_cat?post=2580"},{"taxonomy":"product_tag","embeddable":true,"href":"https:\/\/www.jiproequip.com\/index.php\/wp-json\/wp\/v2\/product_tag?post=2580"}],"curies":[{"name":"wp","href":"https:\/\/api.w.org\/{rel}","templated":true}]}}