{"id":2618,"date":"2023-10-08T18:47:14","date_gmt":"2023-10-08T23:47:14","guid":{"rendered":"https:\/\/www.jiproequip.com\/?post_type=product&#038;p=2618"},"modified":"2023-10-08T19:00:06","modified_gmt":"2023-10-09T00:00:06","slug":"equipo-antincendio-o-contra-incendios-rociado-de-agua-y-chorro-a-presion","status":"publish","type":"product","link":"https:\/\/www.jiproequip.com\/index.php\/producto\/equipo-antincendio-o-contra-incendios-rociado-de-agua-y-chorro-a-presion\/","title":{"rendered":"Equipo antincendio o contra incendios, rociado de agua y chorro a presi\u00f3n"},"content":{"rendered":"<div class=\"wp-block-stackable-column stk-block-column stk-column stk-block stk-a42bbec\" data-v=\"4\" data-block-id=\"a42bbec\">\r\n<div class=\"stk-column-wrapper stk-block-column__content stk-container stk-a42bbec-container stk--no-background stk--no-padding\">\r\n<div class=\"stk-block-content stk-inner-blocks stk-a42bbec-inner-blocks\"><div class=\"wp-block-stackable-carousel stk-block-carousel stk--is-slide stk--arrows-justify-space-between stk--arrows-align-center stk-block stk-6d5b6f7\" data-slides-to-show=\"\" data-block-id=\"6d5b6f7\">\r\n<div class=\"stk-block-carousel__content-wrapper\">\r\n<div class=\"stk-row stk-inner-blocks stk-block-content stk-block-carousel__slider-wrapper stk-content-align stk-6d5b6f7-column\">\r\n<div class=\"stk-block-carousel__slider\" role=\"list\" data-autoplay=\"4000\" data-label-slide-of=\"Slide %%d of %%d\"><div class=\"wp-block-stackable-column stk-block-column stk-column stk-block stk-5a69e44\" data-v=\"4\" data-block-id=\"5a69e44\">\r\n<div class=\"stk-column-wrapper stk-block-column__content stk-container stk-5a69e44-container stk--no-background stk--no-padding\">\r\n<div class=\"stk-block-content stk-inner-blocks stk-5a69e44-inner-blocks\"><div class=\"wp-block-stackable-image stk-block-image stk-block stk-64219fc\" data-block-id=\"64219fc\">\r\n<figure class=\"stk-img-wrapper stk-image--shape-stretch\"><img loading=\"lazy\" decoding=\"async\" class=\"stk-img                                                         alignnone wp-image-2631 size-full\" src=\"http:\/\/https:\/\/www.jiproequip.com\/wp-content\/uploads\/2023\/10\/Equipo_antincendio_contra_incendios_rociado_agua_Cristanini_Columbec_B.png\" alt=\"\" width=\"373\" height=\"352\" \/><\/figure>\r\n<\/div><\/div>\r\n<\/div>\r\n<\/div><\/div>\r\n<\/div>\r\n<\/div>\r\n<\/div><\/div>\r\n<\/div>\r\n<\/div><div class=\"wp-block-stackable-column stk-block-column stk-column stk-block stk-776f52c\" data-v=\"4\" data-block-id=\"776f52c\">\r\n<div class=\"stk-column-wrapper stk-block-column__content stk-container stk-776f52c-container stk--no-background stk--no-padding\">\r\n<div class=\"stk-block-content stk-inner-blocks stk-776f52c-inner-blocks\"><div id=\"unidad-trifasica-de-lavado-de-alta-presion-de-agua-fria-a-2175-p-s-i\" class=\"wp-block-stackable-heading stk-block-heading stk-block-heading--v2 stk-block stk-6ead452 stk-block-background\" data-block-id=\"6ead452\">\r\n<div class=\"pl_i2t\">\r\n<div class=\"pl_i2t\">\r\n<div class=\"pl_i2t\">\r\n<div class=\"pl_i2t\">\r\n<div class=\"pl_i2t\">\r\n<div class=\"pl_i2t\">\r\n<div class=\"pl_i2t\">\r\n<div class=\"pl_i2t\">\r\n<div class=\"pl_i2t\">\r\n<div class=\"pl_i2t\">\r\n<div class=\"pl_i2t\">\r\n<div class=\"pl_i2t\">\r\n<div class=\"pl_i2t\">\r\n<div class=\"pl_i2t\">\r\n<div class=\"pl_i2t\">\r\n<div class=\"pl_i2t\">\r\n<div class=\"pl_i2t\">\r\n<div class=\"pl_i2t\">\r\n<div class=\"pl_i2t\">\r\n<div class=\"pl_i2t\">\r\n<div class=\"pl_i2t\">\r\n<div class=\"pl_i2t\">\r\n<div class=\"pl_i2t\">\r\n<div class=\"pl_i2t\">\r\n<div class=\"pl_i2t\">\r\n<div class=\"pl_i2t\">\r\n<div class=\"pl_i2t\">\r\n<div class=\"pl_i2t\">\r\n<div class=\"pl_i2t\">\r\n<div class=\"pl_i2t\">\r\n<div class=\"pl_i2t\">\r\n<div class=\"pl_i2t\">\r\n<div class=\"pl_i2t\">\r\n<div class=\"pl_i2t\">\r\n<div class=\"pl_i2t\">\r\n<div class=\"pl_i2t\">\r\n<div class=\"pl_i2t\">\r\n<div class=\"pl_i2t\">\r\n<div class=\"pl_i2t\">\r\n<div class=\"pl_i2t\">\r\n<div class=\"pl_i2t\">\r\n<div class=\"pl_i2t\">\r\n<div class=\"pl_i2t\">\r\n<div class=\"pl_i2t\">\r\n<div class=\"pl_i2t\">\r\n<div class=\"pl_i2t\">\r\n<div class=\"pl_i2t\">\r\n<div class=\"pl_i2t\">\r\n<div class=\"pl_i2t\">\r\n<div class=\"pl_i2t\">\r\n<div class=\"pl_i2t\">\r\n<div class=\"pl_i2t\">\r\n<div class=\"pl_i2t\">\r\n<div class=\"pl_i2t\">\r\n<div class=\"pl_i2t\">\r\n<div class=\"pl_i2t\">\r\n<div class=\"pl_i2t\">\r\n<div class=\"pl_i2t\">\r\n<div class=\"pl_i2t\">\r\n<div class=\"pl_i2t\">\r\n<div class=\"pl_i2t\">\r\n<div class=\"pl_i2t\">\r\n<div class=\"pl_i2t\">\r\n<div class=\"pl_i2t\">\r\n<div class=\"pl_i2t\">\r\n<div class=\"pl_i2t\">\r\n<div class=\"pl_i2t\">\r\n<div class=\"pl_i2t\">\r\n<div class=\"pl_i2t\">\r\n<div class=\"pl_i2t\">\r\n<div class=\"pl_i2t\">\r\n<div class=\"pl_i2t\">\r\n<div class=\"pl_i2t\">\r\n<div class=\"pl_i2t\">\r\n<div class=\"pl_i2t\">\r\n<h2>Equipo antincendio o contra incendios, rociado de agua y chorro a presi\u00f3n<\/h2>\r\n<\/div>\r\n<\/div>\r\n<\/div>\r\n<\/div>\r\n<\/div>\r\n<\/div>\r\n<\/div>\r\n<\/div>\r\n<\/div>\r\n<\/div>\r\n<\/div>\r\n<\/div>\r\n<\/div>\r\n<\/div>\r\n<\/div>\r\n<\/div>\r\n<\/div>\r\n<\/div>\r\n<\/div>\r\n<\/div>\r\n<\/div>\r\n<\/div>\r\n<\/div>\r\n<\/div>\r\n<\/div>\r\n<\/div>\r\n<\/div>\r\n<\/div>\r\n<\/div>\r\n<\/div>\r\n<\/div>\r\n<\/div>\r\n<\/div>\r\n<\/div>\r\n<\/div>\r\n<\/div>\r\n<\/div>\r\n<\/div>\r\n<\/div>\r\n<\/div>\r\n<\/div>\r\n<\/div>\r\n<\/div>\r\n<\/div>\r\n<\/div>\r\n<\/div>\r\n<\/div>\r\n<\/div>\r\n<\/div>\r\n<\/div>\r\n<\/div>\r\n<\/div>\r\n<\/div>\r\n<\/div>\r\n<\/div>\r\n<\/div>\r\n<\/div>\r\n<\/div>\r\n<\/div>\r\n<\/div>\r\n<\/div>\r\n<\/div>\r\n<\/div>\r\n<\/div>\r\n<\/div>\r\n<\/div>\r\n<\/div>\r\n<\/div>\r\n<\/div>\r\n<\/div>\r\n<\/div>\r\n<\/div>\r\n<\/div>\r\n<\/div>\r\n<\/div>\r\n<div class=\"pl_i2c\">\r\n<div class=\"pl_i2c\">\r\n<div class=\"pl_i2c\">\r\n<div class=\"pl_i2c\">\r\n<div class=\"pl_i2c\">\r\n<div class=\"pl_i2c\">\r\n<div class=\"pl_i2c\">\r\n<div class=\"pl_i2c\">\r\n<div class=\"pl_i2c\">Es la respuesta m\u00e1s r\u00e1pida a las exigencias de intervenci\u00f3n en caso de primer ataque a los incendios en los centros urbanos o en las zonas de dif\u00edcil acceso al fuego (centros hist\u00f3ricos, zonas de tr\u00e1fico intenso) donde son importantes las peque\u00f1as dimensiones de las m\u00e1quinas.<\/div>\r\n<div>\r\n<p>Gracias a las reducidas dimensiones, es ideal para utilizarlo en peque\u00f1os veh\u00edculos e incluso a bordo de barcos con una presi\u00f3n de 200 bares 7\/24 litros por minuto.<\/p>\r\n<p>El sistema tiene opci\u00f3n a rociar con espuma ignifuga para aplicarse en \u00e1reas donde el agua no es adecuada.<\/p>\r\n<p>La pistola ofrece diferentes formas de rociado:<\/p>\r\n<\/div>\r\n<br \/>\r\n<div><img loading=\"lazy\" decoding=\"async\" class=\"alignnone wp-image-2629 size-full\" src=\"http:\/\/https:\/\/www.jiproequip.com\/wp-content\/uploads\/2023\/10\/Equipo_antincendio_contra_incendios_rociado_agua_Cristanini_Columbec_08_B.png\" alt=\"\" width=\"541\" height=\"271\" \/><\/div>\r\n<div><br \/>\r\n<p><img loading=\"lazy\" decoding=\"async\" class=\"alignnone wp-image-2626 size-full\" src=\"http:\/\/https:\/\/www.jiproequip.com\/wp-content\/uploads\/2023\/10\/Equipo_antincendio_contra_incendios_rociado_agua_Cristanini_Columbec_07_B.png\" alt=\"\" width=\"533\" height=\"271\" \/><\/p>\r\n<p><img loading=\"lazy\" decoding=\"async\" class=\"alignnone wp-image-2625 size-full\" src=\"http:\/\/https:\/\/www.jiproequip.com\/wp-content\/uploads\/2023\/10\/Equipo_antincendio_contra_incendios_rociado_agua_Cristanini_Columbec_06_B.png\" alt=\"\" width=\"535\" height=\"273\" \/><\/p>\r\n<p><img loading=\"lazy\" decoding=\"async\" class=\"alignnone size-full wp-image-2624\" src=\"http:\/\/https:\/\/www.jiproequip.com\/wp-content\/uploads\/2023\/10\/Equipo_antincendio_contra_incendios_rociado_agua_Cristanini_Columbec_05_B.png\" alt=\"\" width=\"534\" height=\"272\" \/><\/p>\r\n<\/div>\r\n<\/div>\r\n<\/div>\r\n<\/div>\r\n<\/div>\r\n<\/div>\r\n<\/div>\r\n<\/div>\r\n<\/div>\r\n<\/div>\r\n<\/div>\r\n<\/div>\r\n<\/div>","protected":false},"excerpt":{"rendered":"<p>Equipo antincendio o contra incendios, rociado de agua y chorro a presi\u00f3n Es la respuesta m\u00e1s r\u00e1pida a las exigencias de intervenci\u00f3n en caso de primer ataque a los incendios en los centros urbanos o en las zonas de dif\u00edcil acceso al fuego (centros hist\u00f3ricos, zonas de tr\u00e1fico intenso) donde son importantes las peque\u00f1as dimensiones [&hellip;]<\/p>\n","protected":false},"featured_media":2631,"comment_status":"open","ping_status":"closed","template":"","meta":{"_uag_custom_page_level_css":""},"product_brand":[],"product_cat":[45],"product_tag":[],"class_list":{"0":"post-2618","1":"product","2":"type-product","3":"status-publish","4":"has-post-thumbnail","6":"product_cat-descontaminacion","8":"first","9":"instock","10":"shipping-taxable","11":"product-type-simple"},"yoast_head":"<!-- This site is optimized with the Yoast SEO plugin v25.2 - https:\/\/yoast.com\/wordpress\/plugins\/seo\/ -->\n<title>Equipo antincendio o contra incendios, rociado de agua y chorro a presi\u00f3n - Ji-proequip<\/title>\n<meta name=\"robots\" content=\"index, follow, max-snippet:-1, max-image-preview:large, max-video-preview:-1\" \/>\n<link rel=\"canonical\" href=\"https:\/\/www.jiproequip.com\/index.php\/producto\/equipo-antincendio-o-contra-incendios-rociado-de-agua-y-chorro-a-presion\/\" \/>\n<meta property=\"og:locale\" content=\"es_ES\" \/>\n<meta property=\"og:type\" content=\"article\" \/>\n<meta property=\"og:title\" content=\"Equipo antincendio o contra incendios, rociado de agua y chorro a presi\u00f3n - Ji-proequip\" \/>\n<meta property=\"og:description\" content=\"Equipo antincendio o contra incendios, rociado de agua y chorro a presi\u00f3n Es la respuesta m\u00e1s r\u00e1pida a las exigencias de intervenci\u00f3n en caso de primer ataque a los incendios en los centros urbanos o en las zonas de dif\u00edcil acceso al fuego (centros hist\u00f3ricos, zonas de tr\u00e1fico intenso) donde son importantes las peque\u00f1as dimensiones [&hellip;]\" \/>\n<meta property=\"og:url\" content=\"https:\/\/www.jiproequip.com\/index.php\/producto\/equipo-antincendio-o-contra-incendios-rociado-de-agua-y-chorro-a-presion\/\" \/>\n<meta property=\"og:site_name\" content=\"Ji-proequip\" \/>\n<meta property=\"article:modified_time\" content=\"2023-10-09T00:00:06+00:00\" \/>\n<meta property=\"og:image\" content=\"https:\/\/www.jiproequip.com\/wp-content\/uploads\/2023\/10\/Equipo_antincendio_contra_incendios_rociado_agua_Cristanini_Columbec_B.png\" \/>\n\t<meta property=\"og:image:width\" content=\"373\" \/>\n\t<meta property=\"og:image:height\" content=\"352\" \/>\n\t<meta property=\"og:image:type\" content=\"image\/png\" \/>\n<meta name=\"twitter:card\" content=\"summary_large_image\" \/>\n<meta name=\"twitter:label1\" content=\"Tiempo de lectura\" \/>\n\t<meta name=\"twitter:data1\" content=\"2 minutos\" \/>\n<script type=\"application\/ld+json\" class=\"yoast-schema-graph\">{\"@context\":\"https:\/\/schema.org\",\"@graph\":[{\"@type\":\"WebPage\",\"@id\":\"https:\/\/www.jiproequip.com\/index.php\/producto\/equipo-antincendio-o-contra-incendios-rociado-de-agua-y-chorro-a-presion\/\",\"url\":\"https:\/\/www.jiproequip.com\/index.php\/producto\/equipo-antincendio-o-contra-incendios-rociado-de-agua-y-chorro-a-presion\/\",\"name\":\"Equipo antincendio o contra incendios, rociado de agua y chorro a presi\u00f3n - Ji-proequip\",\"isPartOf\":{\"@id\":\"https:\/\/www.jiproequip.com\/#website\"},\"primaryImageOfPage\":{\"@id\":\"https:\/\/www.jiproequip.com\/index.php\/producto\/equipo-antincendio-o-contra-incendios-rociado-de-agua-y-chorro-a-presion\/#primaryimage\"},\"image\":{\"@id\":\"https:\/\/www.jiproequip.com\/index.php\/producto\/equipo-antincendio-o-contra-incendios-rociado-de-agua-y-chorro-a-presion\/#primaryimage\"},\"thumbnailUrl\":\"https:\/\/www.jiproequip.com\/wp-content\/uploads\/2023\/10\/Equipo_antincendio_contra_incendios_rociado_agua_Cristanini_Columbec_B.png\",\"datePublished\":\"2023-10-08T23:47:14+00:00\",\"dateModified\":\"2023-10-09T00:00:06+00:00\",\"breadcrumb\":{\"@id\":\"https:\/\/www.jiproequip.com\/index.php\/producto\/equipo-antincendio-o-contra-incendios-rociado-de-agua-y-chorro-a-presion\/#breadcrumb\"},\"inLanguage\":\"es\",\"potentialAction\":[{\"@type\":\"ReadAction\",\"target\":[\"https:\/\/www.jiproequip.com\/index.php\/producto\/equipo-antincendio-o-contra-incendios-rociado-de-agua-y-chorro-a-presion\/\"]}]},{\"@type\":\"ImageObject\",\"inLanguage\":\"es\",\"@id\":\"https:\/\/www.jiproequip.com\/index.php\/producto\/equipo-antincendio-o-contra-incendios-rociado-de-agua-y-chorro-a-presion\/#primaryimage\",\"url\":\"https:\/\/www.jiproequip.com\/wp-content\/uploads\/2023\/10\/Equipo_antincendio_contra_incendios_rociado_agua_Cristanini_Columbec_B.png\",\"contentUrl\":\"https:\/\/www.jiproequip.com\/wp-content\/uploads\/2023\/10\/Equipo_antincendio_contra_incendios_rociado_agua_Cristanini_Columbec_B.png\",\"width\":373,\"height\":352},{\"@type\":\"BreadcrumbList\",\"@id\":\"https:\/\/www.jiproequip.com\/index.php\/producto\/equipo-antincendio-o-contra-incendios-rociado-de-agua-y-chorro-a-presion\/#breadcrumb\",\"itemListElement\":[{\"@type\":\"ListItem\",\"position\":1,\"name\":\"Home\",\"item\":\"https:\/\/www.jiproequip.com\/\"},{\"@type\":\"ListItem\",\"position\":2,\"name\":\"Tienda\",\"item\":\"https:\/\/www.jiproequip.com\/index.php\/tienda\/\"},{\"@type\":\"ListItem\",\"position\":3,\"name\":\"Equipo antincendio o contra incendios, rociado de agua y chorro a presi\u00f3n\"}]},{\"@type\":\"WebSite\",\"@id\":\"https:\/\/www.jiproequip.com\/#website\",\"url\":\"https:\/\/www.jiproequip.com\/\",\"name\":\"Ji-proequip\",\"description\":\"Venta de equipos industriales con servicio t\u00e9cnico especializado\",\"publisher\":{\"@id\":\"https:\/\/www.jiproequip.com\/#organization\"},\"potentialAction\":[{\"@type\":\"SearchAction\",\"target\":{\"@type\":\"EntryPoint\",\"urlTemplate\":\"https:\/\/www.jiproequip.com\/?s={search_term_string}\"},\"query-input\":{\"@type\":\"PropertyValueSpecification\",\"valueRequired\":true,\"valueName\":\"search_term_string\"}}],\"inLanguage\":\"es\"},{\"@type\":\"Organization\",\"@id\":\"https:\/\/www.jiproequip.com\/#organization\",\"name\":\"Ji-proequip\",\"url\":\"https:\/\/www.jiproequip.com\/\",\"logo\":{\"@type\":\"ImageObject\",\"inLanguage\":\"es\",\"@id\":\"https:\/\/www.jiproequip.com\/#\/schema\/logo\/image\/\",\"url\":\"https:\/\/www.jiproequip.com\/wp-content\/uploads\/2025\/06\/LOGO-JIproequip-2025.png\",\"contentUrl\":\"https:\/\/www.jiproequip.com\/wp-content\/uploads\/2025\/06\/LOGO-JIproequip-2025.png\",\"width\":2433,\"height\":596,\"caption\":\"Ji-proequip\"},\"image\":{\"@id\":\"https:\/\/www.jiproequip.com\/#\/schema\/logo\/image\/\"}}]}<\/script>\n<!-- \/ Yoast SEO plugin. -->","yoast_head_json":{"title":"Equipo antincendio o contra incendios, rociado de agua y chorro a presi\u00f3n - Ji-proequip","robots":{"index":"index","follow":"follow","max-snippet":"max-snippet:-1","max-image-preview":"max-image-preview:large","max-video-preview":"max-video-preview:-1"},"canonical":"https:\/\/www.jiproequip.com\/index.php\/producto\/equipo-antincendio-o-contra-incendios-rociado-de-agua-y-chorro-a-presion\/","og_locale":"es_ES","og_type":"article","og_title":"Equipo antincendio o contra incendios, rociado de agua y chorro a presi\u00f3n - Ji-proequip","og_description":"Equipo antincendio o contra incendios, rociado de agua y chorro a presi\u00f3n Es la respuesta m\u00e1s r\u00e1pida a las exigencias de intervenci\u00f3n en caso de primer ataque a los incendios en los centros urbanos o en las zonas de dif\u00edcil acceso al fuego (centros hist\u00f3ricos, zonas de tr\u00e1fico intenso) donde son importantes las peque\u00f1as dimensiones [&hellip;]","og_url":"https:\/\/www.jiproequip.com\/index.php\/producto\/equipo-antincendio-o-contra-incendios-rociado-de-agua-y-chorro-a-presion\/","og_site_name":"Ji-proequip","article_modified_time":"2023-10-09T00:00:06+00:00","og_image":[{"width":373,"height":352,"url":"https:\/\/www.jiproequip.com\/wp-content\/uploads\/2023\/10\/Equipo_antincendio_contra_incendios_rociado_agua_Cristanini_Columbec_B.png","type":"image\/png"}],"twitter_card":"summary_large_image","twitter_misc":{"Tiempo de lectura":"2 minutos"},"schema":{"@context":"https:\/\/schema.org","@graph":[{"@type":"WebPage","@id":"https:\/\/www.jiproequip.com\/index.php\/producto\/equipo-antincendio-o-contra-incendios-rociado-de-agua-y-chorro-a-presion\/","url":"https:\/\/www.jiproequip.com\/index.php\/producto\/equipo-antincendio-o-contra-incendios-rociado-de-agua-y-chorro-a-presion\/","name":"Equipo antincendio o contra incendios, rociado de agua y chorro a presi\u00f3n - Ji-proequip","isPartOf":{"@id":"https:\/\/www.jiproequip.com\/#website"},"primaryImageOfPage":{"@id":"https:\/\/www.jiproequip.com\/index.php\/producto\/equipo-antincendio-o-contra-incendios-rociado-de-agua-y-chorro-a-presion\/#primaryimage"},"image":{"@id":"https:\/\/www.jiproequip.com\/index.php\/producto\/equipo-antincendio-o-contra-incendios-rociado-de-agua-y-chorro-a-presion\/#primaryimage"},"thumbnailUrl":"https:\/\/www.jiproequip.com\/wp-content\/uploads\/2023\/10\/Equipo_antincendio_contra_incendios_rociado_agua_Cristanini_Columbec_B.png","datePublished":"2023-10-08T23:47:14+00:00","dateModified":"2023-10-09T00:00:06+00:00","breadcrumb":{"@id":"https:\/\/www.jiproequip.com\/index.php\/producto\/equipo-antincendio-o-contra-incendios-rociado-de-agua-y-chorro-a-presion\/#breadcrumb"},"inLanguage":"es","potentialAction":[{"@type":"ReadAction","target":["https:\/\/www.jiproequip.com\/index.php\/producto\/equipo-antincendio-o-contra-incendios-rociado-de-agua-y-chorro-a-presion\/"]}]},{"@type":"ImageObject","inLanguage":"es","@id":"https:\/\/www.jiproequip.com\/index.php\/producto\/equipo-antincendio-o-contra-incendios-rociado-de-agua-y-chorro-a-presion\/#primaryimage","url":"https:\/\/www.jiproequip.com\/wp-content\/uploads\/2023\/10\/Equipo_antincendio_contra_incendios_rociado_agua_Cristanini_Columbec_B.png","contentUrl":"https:\/\/www.jiproequip.com\/wp-content\/uploads\/2023\/10\/Equipo_antincendio_contra_incendios_rociado_agua_Cristanini_Columbec_B.png","width":373,"height":352},{"@type":"BreadcrumbList","@id":"https:\/\/www.jiproequip.com\/index.php\/producto\/equipo-antincendio-o-contra-incendios-rociado-de-agua-y-chorro-a-presion\/#breadcrumb","itemListElement":[{"@type":"ListItem","position":1,"name":"Home","item":"https:\/\/www.jiproequip.com\/"},{"@type":"ListItem","position":2,"name":"Tienda","item":"https:\/\/www.jiproequip.com\/index.php\/tienda\/"},{"@type":"ListItem","position":3,"name":"Equipo antincendio o contra incendios, rociado de agua y chorro a presi\u00f3n"}]},{"@type":"WebSite","@id":"https:\/\/www.jiproequip.com\/#website","url":"https:\/\/www.jiproequip.com\/","name":"Ji-proequip","description":"Venta de equipos industriales con servicio t\u00e9cnico especializado","publisher":{"@id":"https:\/\/www.jiproequip.com\/#organization"},"potentialAction":[{"@type":"SearchAction","target":{"@type":"EntryPoint","urlTemplate":"https:\/\/www.jiproequip.com\/?s={search_term_string}"},"query-input":{"@type":"PropertyValueSpecification","valueRequired":true,"valueName":"search_term_string"}}],"inLanguage":"es"},{"@type":"Organization","@id":"https:\/\/www.jiproequip.com\/#organization","name":"Ji-proequip","url":"https:\/\/www.jiproequip.com\/","logo":{"@type":"ImageObject","inLanguage":"es","@id":"https:\/\/www.jiproequip.com\/#\/schema\/logo\/image\/","url":"https:\/\/www.jiproequip.com\/wp-content\/uploads\/2025\/06\/LOGO-JIproequip-2025.png","contentUrl":"https:\/\/www.jiproequip.com\/wp-content\/uploads\/2025\/06\/LOGO-JIproequip-2025.png","width":2433,"height":596,"caption":"Ji-proequip"},"image":{"@id":"https:\/\/www.jiproequip.com\/#\/schema\/logo\/image\/"}}]}},"uagb_featured_image_src":{"full":["https:\/\/www.jiproequip.com\/wp-content\/uploads\/2023\/10\/Equipo_antincendio_contra_incendios_rociado_agua_Cristanini_Columbec_B.png",373,352,false],"thumbnail":["https:\/\/www.jiproequip.com\/wp-content\/uploads\/2023\/10\/Equipo_antincendio_contra_incendios_rociado_agua_Cristanini_Columbec_B.png",150,142,false],"medium":["https:\/\/www.jiproequip.com\/wp-content\/uploads\/2023\/10\/Equipo_antincendio_contra_incendios_rociado_agua_Cristanini_Columbec_B.png",300,283,false],"medium_large":["https:\/\/www.jiproequip.com\/wp-content\/uploads\/2023\/10\/Equipo_antincendio_contra_incendios_rociado_agua_Cristanini_Columbec_B.png",373,352,false],"large":["https:\/\/www.jiproequip.com\/wp-content\/uploads\/2023\/10\/Equipo_antincendio_contra_incendios_rociado_agua_Cristanini_Columbec_B.png",373,352,false],"1536x1536":["https:\/\/www.jiproequip.com\/wp-content\/uploads\/2023\/10\/Equipo_antincendio_contra_incendios_rociado_agua_Cristanini_Columbec_B.png",373,352,false],"2048x2048":["https:\/\/www.jiproequip.com\/wp-content\/uploads\/2023\/10\/Equipo_antincendio_contra_incendios_rociado_agua_Cristanini_Columbec_B.png",373,352,false],"mailpoet_newsletter_max":["https:\/\/www.jiproequip.com\/wp-content\/uploads\/2023\/10\/Equipo_antincendio_contra_incendios_rociado_agua_Cristanini_Columbec_B.png",373,352,false],"woocommerce_thumbnail":["https:\/\/www.jiproequip.com\/wp-content\/uploads\/2023\/10\/Equipo_antincendio_contra_incendios_rociado_agua_Cristanini_Columbec_B.png",300,283,false],"woocommerce_single":["https:\/\/www.jiproequip.com\/wp-content\/uploads\/2023\/10\/Equipo_antincendio_contra_incendios_rociado_agua_Cristanini_Columbec_B.png",373,352,false],"woocommerce_gallery_thumbnail":["https:\/\/www.jiproequip.com\/wp-content\/uploads\/2023\/10\/Equipo_antincendio_contra_incendios_rociado_agua_Cristanini_Columbec_B-100x100.png",100,100,true]},"uagb_author_info":{"display_name":"admin_jiproeq","author_link":"https:\/\/www.jiproequip.com\/index.php\/author\/"},"uagb_comment_info":0,"uagb_excerpt":"Equipo antincendio o contra incendios, rociado de agua y chorro a presi\u00f3n Es la respuesta m\u00e1s r\u00e1pida a las exigencias de intervenci\u00f3n en caso de primer ataque a los incendios en los centros urbanos o en las zonas de dif\u00edcil acceso al fuego (centros hist\u00f3ricos, zonas de tr\u00e1fico intenso) donde son importantes las peque\u00f1as dimensiones&hellip;","jetpack_sharing_enabled":true,"_links":{"self":[{"href":"https:\/\/www.jiproequip.com\/index.php\/wp-json\/wp\/v2\/product\/2618","targetHints":{"allow":["GET"]}}],"collection":[{"href":"https:\/\/www.jiproequip.com\/index.php\/wp-json\/wp\/v2\/product"}],"about":[{"href":"https:\/\/www.jiproequip.com\/index.php\/wp-json\/wp\/v2\/types\/product"}],"replies":[{"embeddable":true,"href":"https:\/\/www.jiproequip.com\/index.php\/wp-json\/wp\/v2\/comments?post=2618"}],"wp:featuredmedia":[{"embeddable":true,"href":"https:\/\/www.jiproequip.com\/index.php\/wp-json\/wp\/v2\/media\/2631"}],"wp:attachment":[{"href":"https:\/\/www.jiproequip.com\/index.php\/wp-json\/wp\/v2\/media?parent=2618"}],"wp:term":[{"taxonomy":"product_brand","embeddable":true,"href":"https:\/\/www.jiproequip.com\/index.php\/wp-json\/wp\/v2\/product_brand?post=2618"},{"taxonomy":"product_cat","embeddable":true,"href":"https:\/\/www.jiproequip.com\/index.php\/wp-json\/wp\/v2\/product_cat?post=2618"},{"taxonomy":"product_tag","embeddable":true,"href":"https:\/\/www.jiproequip.com\/index.php\/wp-json\/wp\/v2\/product_tag?post=2618"}],"curies":[{"name":"wp","href":"https:\/\/api.w.org\/{rel}","templated":true}]}}