{"id":3717,"date":"2023-10-25T20:31:03","date_gmt":"2023-10-26T01:31:03","guid":{"rendered":"https:\/\/www.jiproequip.com\/?post_type=product&#038;p=3717"},"modified":"2023-10-25T20:38:29","modified_gmt":"2023-10-26T01:38:29","slug":"carcasa-compacta-bolsafiltrante","status":"publish","type":"product","link":"https:\/\/www.jiproequip.com\/index.php\/producto\/carcasa-compacta-bolsafiltrante\/","title":{"rendered":"Carcasas compactas para bolsa filtrante"},"content":{"rendered":"<div class=\"pl_i2c\">\n<div class=\"pl_i2c\">\n<p>Cuando el espacio es un problema, usted puede utilizar esta carcasa cuyo dise\u00f1o reducido incluye bolsas filtrantes compactas. Fabricado con la misma atenci\u00f3n a los detalles que todos nuestros dise\u00f1os m\u00e1s grandes.<\/p>\n<p>Con una dimensi\u00f3n de menos de 10&#8243; de alto por 2 7\/8&#8243;, ofrecemos un equipo filtrante completamente equipado y con una gama muy grande de grados de micrones.<\/p>\n<ul>\n<li>La bolsa filtrante sencilla es ideal para sistemas de bajo flujo.<\/li>\n<li>La junta de Teflon\u00ae entre la carcasa y la cesta en acero inoxidable 316 son indicados para una amplia gama de aplicaciones industriales<\/li>\n<li>La tapa superior pivota ampliamente permitiendo un acceso f\u00e1cil que facilita la limpieza y el cambio de la bolsa<\/li>\n<li>Las bolsas filtrantes en monofilamento de Nylon, disponibles en los grados de 1 a 400 micrones, ofrecen una amplia gama de resistencia qu\u00edmica, son insensibles a la fatiga y la corrosi\u00f3n del metal.<\/li>\n<li>La construcci\u00f3n con costuras soldadas de las bolsas filtrantes elimina los escapes de fluido.<\/li>\n<\/ul>\n<\/div>\n<\/div>\n","protected":false},"excerpt":{"rendered":"<p>Cuando el espacio es un problema, usted puede utilizar esta carcasa cuyo dise\u00f1o reducido incluye bolsas filtrantes compactas. Fabricado con la misma atenci\u00f3n a los detalles que todos nuestros dise\u00f1os m\u00e1s grandes. Con una dimensi\u00f3n de menos de 10&#8243; de alto por 2 7\/8&#8243;, ofrecemos un equipo filtrante completamente equipado y con una gama muy [&hellip;]<\/p>\n","protected":false},"featured_media":3721,"comment_status":"open","ping_status":"closed","template":"","meta":{"_uag_custom_page_level_css":""},"product_brand":[],"product_cat":[66],"product_tag":[],"class_list":{"0":"post-3717","1":"product","2":"type-product","3":"status-publish","4":"has-post-thumbnail","6":"product_cat-carcasas-para-filtros","8":"first","9":"instock","10":"shipping-taxable","11":"product-type-simple"},"yoast_head":"<!-- This site is optimized with the Yoast SEO plugin v25.2 - https:\/\/yoast.com\/wordpress\/plugins\/seo\/ -->\n<title>Carcasas compactas para bolsa filtrante - Ji-proequip<\/title>\n<meta name=\"robots\" content=\"index, follow, max-snippet:-1, max-image-preview:large, max-video-preview:-1\" \/>\n<link rel=\"canonical\" href=\"https:\/\/www.jiproequip.com\/index.php\/producto\/carcasa-compacta-bolsafiltrante\/\" \/>\n<meta property=\"og:locale\" content=\"es_ES\" \/>\n<meta property=\"og:type\" content=\"article\" \/>\n<meta property=\"og:title\" content=\"Carcasas compactas para bolsa filtrante - Ji-proequip\" \/>\n<meta property=\"og:description\" content=\"Cuando el espacio es un problema, usted puede utilizar esta carcasa cuyo dise\u00f1o reducido incluye bolsas filtrantes compactas. Fabricado con la misma atenci\u00f3n a los detalles que todos nuestros dise\u00f1os m\u00e1s grandes. Con una dimensi\u00f3n de menos de 10&#8243; de alto por 2 7\/8&#8243;, ofrecemos un equipo filtrante completamente equipado y con una gama muy [&hellip;]\" \/>\n<meta property=\"og:url\" content=\"https:\/\/www.jiproequip.com\/index.php\/producto\/carcasa-compacta-bolsafiltrante\/\" \/>\n<meta property=\"og:site_name\" content=\"Ji-proequip\" \/>\n<meta property=\"article:modified_time\" content=\"2023-10-26T01:38:29+00:00\" \/>\n<meta property=\"og:image\" content=\"https:\/\/www.jiproequip.com\/wp-content\/uploads\/2023\/10\/SBF-Compact-Bag-Columbec_B.png\" \/>\n\t<meta property=\"og:image:width\" content=\"600\" \/>\n\t<meta property=\"og:image:height\" content=\"600\" \/>\n\t<meta property=\"og:image:type\" content=\"image\/png\" \/>\n<meta name=\"twitter:card\" content=\"summary_large_image\" \/>\n<meta name=\"twitter:label1\" content=\"Tiempo de lectura\" \/>\n\t<meta name=\"twitter:data1\" content=\"1 minuto\" \/>\n<script type=\"application\/ld+json\" class=\"yoast-schema-graph\">{\"@context\":\"https:\/\/schema.org\",\"@graph\":[{\"@type\":\"WebPage\",\"@id\":\"https:\/\/www.jiproequip.com\/index.php\/producto\/carcasa-compacta-bolsafiltrante\/\",\"url\":\"https:\/\/www.jiproequip.com\/index.php\/producto\/carcasa-compacta-bolsafiltrante\/\",\"name\":\"Carcasas compactas para bolsa filtrante - Ji-proequip\",\"isPartOf\":{\"@id\":\"https:\/\/www.jiproequip.com\/#website\"},\"primaryImageOfPage\":{\"@id\":\"https:\/\/www.jiproequip.com\/index.php\/producto\/carcasa-compacta-bolsafiltrante\/#primaryimage\"},\"image\":{\"@id\":\"https:\/\/www.jiproequip.com\/index.php\/producto\/carcasa-compacta-bolsafiltrante\/#primaryimage\"},\"thumbnailUrl\":\"https:\/\/www.jiproequip.com\/wp-content\/uploads\/2023\/10\/SBF-Compact-Bag-Columbec_B.png\",\"datePublished\":\"2023-10-26T01:31:03+00:00\",\"dateModified\":\"2023-10-26T01:38:29+00:00\",\"breadcrumb\":{\"@id\":\"https:\/\/www.jiproequip.com\/index.php\/producto\/carcasa-compacta-bolsafiltrante\/#breadcrumb\"},\"inLanguage\":\"es\",\"potentialAction\":[{\"@type\":\"ReadAction\",\"target\":[\"https:\/\/www.jiproequip.com\/index.php\/producto\/carcasa-compacta-bolsafiltrante\/\"]}]},{\"@type\":\"ImageObject\",\"inLanguage\":\"es\",\"@id\":\"https:\/\/www.jiproequip.com\/index.php\/producto\/carcasa-compacta-bolsafiltrante\/#primaryimage\",\"url\":\"https:\/\/www.jiproequip.com\/wp-content\/uploads\/2023\/10\/SBF-Compact-Bag-Columbec_B.png\",\"contentUrl\":\"https:\/\/www.jiproequip.com\/wp-content\/uploads\/2023\/10\/SBF-Compact-Bag-Columbec_B.png\",\"width\":600,\"height\":600},{\"@type\":\"BreadcrumbList\",\"@id\":\"https:\/\/www.jiproequip.com\/index.php\/producto\/carcasa-compacta-bolsafiltrante\/#breadcrumb\",\"itemListElement\":[{\"@type\":\"ListItem\",\"position\":1,\"name\":\"Home\",\"item\":\"https:\/\/www.jiproequip.com\/\"},{\"@type\":\"ListItem\",\"position\":2,\"name\":\"Tienda\",\"item\":\"https:\/\/www.jiproequip.com\/index.php\/tienda\/\"},{\"@type\":\"ListItem\",\"position\":3,\"name\":\"Carcasas compactas para bolsa filtrante\"}]},{\"@type\":\"WebSite\",\"@id\":\"https:\/\/www.jiproequip.com\/#website\",\"url\":\"https:\/\/www.jiproequip.com\/\",\"name\":\"Ji-proequip\",\"description\":\"Venta de equipos industriales con servicio t\u00e9cnico especializado\",\"publisher\":{\"@id\":\"https:\/\/www.jiproequip.com\/#organization\"},\"potentialAction\":[{\"@type\":\"SearchAction\",\"target\":{\"@type\":\"EntryPoint\",\"urlTemplate\":\"https:\/\/www.jiproequip.com\/?s={search_term_string}\"},\"query-input\":{\"@type\":\"PropertyValueSpecification\",\"valueRequired\":true,\"valueName\":\"search_term_string\"}}],\"inLanguage\":\"es\"},{\"@type\":\"Organization\",\"@id\":\"https:\/\/www.jiproequip.com\/#organization\",\"name\":\"Ji-proequip\",\"url\":\"https:\/\/www.jiproequip.com\/\",\"logo\":{\"@type\":\"ImageObject\",\"inLanguage\":\"es\",\"@id\":\"https:\/\/www.jiproequip.com\/#\/schema\/logo\/image\/\",\"url\":\"https:\/\/www.jiproequip.com\/wp-content\/uploads\/2025\/06\/LOGO-JIproequip-2025.png\",\"contentUrl\":\"https:\/\/www.jiproequip.com\/wp-content\/uploads\/2025\/06\/LOGO-JIproequip-2025.png\",\"width\":2433,\"height\":596,\"caption\":\"Ji-proequip\"},\"image\":{\"@id\":\"https:\/\/www.jiproequip.com\/#\/schema\/logo\/image\/\"}}]}<\/script>\n<!-- \/ Yoast SEO plugin. -->","yoast_head_json":{"title":"Carcasas compactas para bolsa filtrante - Ji-proequip","robots":{"index":"index","follow":"follow","max-snippet":"max-snippet:-1","max-image-preview":"max-image-preview:large","max-video-preview":"max-video-preview:-1"},"canonical":"https:\/\/www.jiproequip.com\/index.php\/producto\/carcasa-compacta-bolsafiltrante\/","og_locale":"es_ES","og_type":"article","og_title":"Carcasas compactas para bolsa filtrante - Ji-proequip","og_description":"Cuando el espacio es un problema, usted puede utilizar esta carcasa cuyo dise\u00f1o reducido incluye bolsas filtrantes compactas. Fabricado con la misma atenci\u00f3n a los detalles que todos nuestros dise\u00f1os m\u00e1s grandes. Con una dimensi\u00f3n de menos de 10&#8243; de alto por 2 7\/8&#8243;, ofrecemos un equipo filtrante completamente equipado y con una gama muy [&hellip;]","og_url":"https:\/\/www.jiproequip.com\/index.php\/producto\/carcasa-compacta-bolsafiltrante\/","og_site_name":"Ji-proequip","article_modified_time":"2023-10-26T01:38:29+00:00","og_image":[{"width":600,"height":600,"url":"https:\/\/www.jiproequip.com\/wp-content\/uploads\/2023\/10\/SBF-Compact-Bag-Columbec_B.png","type":"image\/png"}],"twitter_card":"summary_large_image","twitter_misc":{"Tiempo de lectura":"1 minuto"},"schema":{"@context":"https:\/\/schema.org","@graph":[{"@type":"WebPage","@id":"https:\/\/www.jiproequip.com\/index.php\/producto\/carcasa-compacta-bolsafiltrante\/","url":"https:\/\/www.jiproequip.com\/index.php\/producto\/carcasa-compacta-bolsafiltrante\/","name":"Carcasas compactas para bolsa filtrante - Ji-proequip","isPartOf":{"@id":"https:\/\/www.jiproequip.com\/#website"},"primaryImageOfPage":{"@id":"https:\/\/www.jiproequip.com\/index.php\/producto\/carcasa-compacta-bolsafiltrante\/#primaryimage"},"image":{"@id":"https:\/\/www.jiproequip.com\/index.php\/producto\/carcasa-compacta-bolsafiltrante\/#primaryimage"},"thumbnailUrl":"https:\/\/www.jiproequip.com\/wp-content\/uploads\/2023\/10\/SBF-Compact-Bag-Columbec_B.png","datePublished":"2023-10-26T01:31:03+00:00","dateModified":"2023-10-26T01:38:29+00:00","breadcrumb":{"@id":"https:\/\/www.jiproequip.com\/index.php\/producto\/carcasa-compacta-bolsafiltrante\/#breadcrumb"},"inLanguage":"es","potentialAction":[{"@type":"ReadAction","target":["https:\/\/www.jiproequip.com\/index.php\/producto\/carcasa-compacta-bolsafiltrante\/"]}]},{"@type":"ImageObject","inLanguage":"es","@id":"https:\/\/www.jiproequip.com\/index.php\/producto\/carcasa-compacta-bolsafiltrante\/#primaryimage","url":"https:\/\/www.jiproequip.com\/wp-content\/uploads\/2023\/10\/SBF-Compact-Bag-Columbec_B.png","contentUrl":"https:\/\/www.jiproequip.com\/wp-content\/uploads\/2023\/10\/SBF-Compact-Bag-Columbec_B.png","width":600,"height":600},{"@type":"BreadcrumbList","@id":"https:\/\/www.jiproequip.com\/index.php\/producto\/carcasa-compacta-bolsafiltrante\/#breadcrumb","itemListElement":[{"@type":"ListItem","position":1,"name":"Home","item":"https:\/\/www.jiproequip.com\/"},{"@type":"ListItem","position":2,"name":"Tienda","item":"https:\/\/www.jiproequip.com\/index.php\/tienda\/"},{"@type":"ListItem","position":3,"name":"Carcasas compactas para bolsa filtrante"}]},{"@type":"WebSite","@id":"https:\/\/www.jiproequip.com\/#website","url":"https:\/\/www.jiproequip.com\/","name":"Ji-proequip","description":"Venta de equipos industriales con servicio t\u00e9cnico especializado","publisher":{"@id":"https:\/\/www.jiproequip.com\/#organization"},"potentialAction":[{"@type":"SearchAction","target":{"@type":"EntryPoint","urlTemplate":"https:\/\/www.jiproequip.com\/?s={search_term_string}"},"query-input":{"@type":"PropertyValueSpecification","valueRequired":true,"valueName":"search_term_string"}}],"inLanguage":"es"},{"@type":"Organization","@id":"https:\/\/www.jiproequip.com\/#organization","name":"Ji-proequip","url":"https:\/\/www.jiproequip.com\/","logo":{"@type":"ImageObject","inLanguage":"es","@id":"https:\/\/www.jiproequip.com\/#\/schema\/logo\/image\/","url":"https:\/\/www.jiproequip.com\/wp-content\/uploads\/2025\/06\/LOGO-JIproequip-2025.png","contentUrl":"https:\/\/www.jiproequip.com\/wp-content\/uploads\/2025\/06\/LOGO-JIproequip-2025.png","width":2433,"height":596,"caption":"Ji-proequip"},"image":{"@id":"https:\/\/www.jiproequip.com\/#\/schema\/logo\/image\/"}}]}},"uagb_featured_image_src":{"full":["https:\/\/www.jiproequip.com\/wp-content\/uploads\/2023\/10\/SBF-Compact-Bag-Columbec_B.png",600,600,false],"thumbnail":["https:\/\/www.jiproequip.com\/wp-content\/uploads\/2023\/10\/SBF-Compact-Bag-Columbec_B.png",150,150,false],"medium":["https:\/\/www.jiproequip.com\/wp-content\/uploads\/2023\/10\/SBF-Compact-Bag-Columbec_B.png",300,300,false],"medium_large":["https:\/\/www.jiproequip.com\/wp-content\/uploads\/2023\/10\/SBF-Compact-Bag-Columbec_B.png",600,600,false],"large":["https:\/\/www.jiproequip.com\/wp-content\/uploads\/2023\/10\/SBF-Compact-Bag-Columbec_B.png",600,600,false],"1536x1536":["https:\/\/www.jiproequip.com\/wp-content\/uploads\/2023\/10\/SBF-Compact-Bag-Columbec_B.png",600,600,false],"2048x2048":["https:\/\/www.jiproequip.com\/wp-content\/uploads\/2023\/10\/SBF-Compact-Bag-Columbec_B.png",600,600,false],"mailpoet_newsletter_max":["https:\/\/www.jiproequip.com\/wp-content\/uploads\/2023\/10\/SBF-Compact-Bag-Columbec_B.png",600,600,false],"woocommerce_thumbnail":["https:\/\/www.jiproequip.com\/wp-content\/uploads\/2023\/10\/SBF-Compact-Bag-Columbec_B.png",300,300,false],"woocommerce_single":["https:\/\/www.jiproequip.com\/wp-content\/uploads\/2023\/10\/SBF-Compact-Bag-Columbec_B.png",600,600,false],"woocommerce_gallery_thumbnail":["https:\/\/www.jiproequip.com\/wp-content\/uploads\/2023\/10\/SBF-Compact-Bag-Columbec_B.png",100,100,false]},"uagb_author_info":{"display_name":"admin_jiproeq","author_link":"https:\/\/www.jiproequip.com\/index.php\/author\/"},"uagb_comment_info":0,"uagb_excerpt":"Cuando el espacio es un problema, usted puede utilizar esta carcasa cuyo dise\u00f1o reducido incluye bolsas filtrantes compactas. Fabricado con la misma atenci\u00f3n a los detalles que todos nuestros dise\u00f1os m\u00e1s grandes. Con una dimensi\u00f3n de menos de 10&#8243; de alto por 2 7\/8&#8243;, ofrecemos un equipo filtrante completamente equipado y con una gama muy&hellip;","jetpack_sharing_enabled":true,"_links":{"self":[{"href":"https:\/\/www.jiproequip.com\/index.php\/wp-json\/wp\/v2\/product\/3717","targetHints":{"allow":["GET"]}}],"collection":[{"href":"https:\/\/www.jiproequip.com\/index.php\/wp-json\/wp\/v2\/product"}],"about":[{"href":"https:\/\/www.jiproequip.com\/index.php\/wp-json\/wp\/v2\/types\/product"}],"replies":[{"embeddable":true,"href":"https:\/\/www.jiproequip.com\/index.php\/wp-json\/wp\/v2\/comments?post=3717"}],"wp:featuredmedia":[{"embeddable":true,"href":"https:\/\/www.jiproequip.com\/index.php\/wp-json\/wp\/v2\/media\/3721"}],"wp:attachment":[{"href":"https:\/\/www.jiproequip.com\/index.php\/wp-json\/wp\/v2\/media?parent=3717"}],"wp:term":[{"taxonomy":"product_brand","embeddable":true,"href":"https:\/\/www.jiproequip.com\/index.php\/wp-json\/wp\/v2\/product_brand?post=3717"},{"taxonomy":"product_cat","embeddable":true,"href":"https:\/\/www.jiproequip.com\/index.php\/wp-json\/wp\/v2\/product_cat?post=3717"},{"taxonomy":"product_tag","embeddable":true,"href":"https:\/\/www.jiproequip.com\/index.php\/wp-json\/wp\/v2\/product_tag?post=3717"}],"curies":[{"name":"wp","href":"https:\/\/api.w.org\/{rel}","templated":true}]}}