{"id":3791,"date":"2023-10-28T11:35:02","date_gmt":"2023-10-28T16:35:02","guid":{"rendered":"https:\/\/www.jiproequip.com\/?post_type=product&#038;p=3791"},"modified":"2023-10-28T11:44:50","modified_gmt":"2023-10-28T16:44:50","slug":"elevadores-dos-postes","status":"publish","type":"product","link":"https:\/\/www.jiproequip.com\/index.php\/producto\/elevadores-dos-postes\/","title":{"rendered":"Elevadores fijos con dos postes"},"content":{"rendered":"<div class=\"pl_i2c\">\n<div class=\"pl_i2c\">\n<div class=\"pl_i2c\">\n<div class=\"pl_i2c\">\n<div class=\"pl_i2c\">\n<div class=\"pl_i2c\">\n<div class=\"pl_i2c\">\n<div class=\"pl_i2c\">\n<div class=\"pl_i2c\">\n<p>La m\u00e1s completa gama de elevadores para autos de 2 postes, sistemas de servicio duradero y con capacidades de levantamiento de carga que van desde las 9.000 libras a 18.000 libras.No importa si se trata de veh\u00edculos o camionetas pues su resistencia esta garantizada, los dise\u00f1os son capaces de manejar todas las aplicaciones de elevaci\u00f3n que requiere su trabajo.<br \/>\nSistemas duraderos, seguros y confiables para pr\u00e1cticamente todas las aplicaciones de elevaci\u00f3n. Potente y seguro, elevadores autom\u00e1ticos trabajan a una velocidad de elevaci\u00f3n incre\u00edblemente r\u00e1pida y un amplio men\u00fa de caracter\u00edsticas para brindarle m\u00e1s eficiencia y productividad, pero con menos piezas de servicio y m\u00ednimo mantenimiento. Los resultados son bajos costos de operaci\u00f3n y mayor productividad. Si est\u00e1 buscando hacer m\u00e1s en menos tiempo, es la mejor herramienta de trabajo para su taller.<br \/>\nElevadores con almohadillas de tornillo, doble telesc\u00f3pico, construidas en poliuretano, resistentes a las roturas y a las hendiduras para aumentar la seguridad en los lugares de servicio y reducir costos de operaci\u00f3n.<br \/>\nLas dos columnas tienen capacidad de levantar sin esfuerzo veh\u00edculos de acuerdo al rango de resistencia establecido para cada dise\u00f1o, levante camionetas, carros compactos o deportivos ya sean estos de fabricaci\u00f3n nacional o extranjera. Disponibles elevadores con o sin techo en la parte superior y cuando se trata de facilidad de uso, nuestro sistema de doble sincronizado de ecualizaci\u00f3n y sus sencillos controles de operaci\u00f3n, hacen que todo sea m\u00e1s f\u00e1cil.<br \/>\nSEGURIDAD: Con la tecnolog\u00eda de ingenier\u00eda m\u00e1s avanzada disponible en la industria, los elevadores de coches est\u00e1n dise\u00f1ados con est\u00e1ndares de seguridad muy por encima de los requeridos por OSHA \/ ALI \/ ETL.<\/p>\n<\/div>\n<\/div>\n<\/div>\n<\/div>\n<\/div>\n<\/div>\n<\/div>\n<\/div>\n<\/div>\n","protected":false},"excerpt":{"rendered":"<p>La m\u00e1s completa gama de elevadores para autos de 2 postes, sistemas de servicio duradero y con capacidades de levantamiento de carga que van desde las 9.000 libras a 18.000 libras.No importa si se trata de veh\u00edculos o camionetas pues su resistencia esta garantizada, los dise\u00f1os son capaces de manejar todas las aplicaciones de elevaci\u00f3n [&hellip;]<\/p>\n","protected":false},"featured_media":3794,"comment_status":"open","ping_status":"closed","template":"","meta":{"_uag_custom_page_level_css":""},"product_brand":[],"product_cat":[69],"product_tag":[],"class_list":{"0":"post-3791","1":"product","2":"type-product","3":"status-publish","4":"has-post-thumbnail","6":"product_cat-elevadores-automotrices","8":"first","9":"instock","10":"shipping-taxable","11":"product-type-simple"},"yoast_head":"<!-- This site is optimized with the Yoast SEO plugin v25.2 - https:\/\/yoast.com\/wordpress\/plugins\/seo\/ -->\n<title>Elevadores fijos con dos postes - Ji-proequip<\/title>\n<meta name=\"robots\" content=\"index, follow, max-snippet:-1, max-image-preview:large, max-video-preview:-1\" \/>\n<link rel=\"canonical\" href=\"https:\/\/www.jiproequip.com\/index.php\/producto\/elevadores-dos-postes\/\" \/>\n<meta property=\"og:locale\" content=\"es_ES\" \/>\n<meta property=\"og:type\" content=\"article\" \/>\n<meta property=\"og:title\" content=\"Elevadores fijos con dos postes - Ji-proequip\" \/>\n<meta property=\"og:description\" content=\"La m\u00e1s completa gama de elevadores para autos de 2 postes, sistemas de servicio duradero y con capacidades de levantamiento de carga que van desde las 9.000 libras a 18.000 libras.No importa si se trata de veh\u00edculos o camionetas pues su resistencia esta garantizada, los dise\u00f1os son capaces de manejar todas las aplicaciones de elevaci\u00f3n [&hellip;]\" \/>\n<meta property=\"og:url\" content=\"https:\/\/www.jiproequip.com\/index.php\/producto\/elevadores-dos-postes\/\" \/>\n<meta property=\"og:site_name\" content=\"Ji-proequip\" \/>\n<meta property=\"article:modified_time\" content=\"2023-10-28T16:44:50+00:00\" \/>\n<meta property=\"og:image\" content=\"https:\/\/www.jiproequip.com\/wp-content\/uploads\/2023\/10\/Elevador-de-2-postes_Columbec_01_B.png\" \/>\n\t<meta property=\"og:image:width\" content=\"600\" \/>\n\t<meta property=\"og:image:height\" content=\"600\" \/>\n\t<meta property=\"og:image:type\" content=\"image\/png\" \/>\n<meta name=\"twitter:card\" content=\"summary_large_image\" \/>\n<meta name=\"twitter:label1\" content=\"Tiempo de lectura\" \/>\n\t<meta name=\"twitter:data1\" content=\"2 minutos\" \/>\n<script type=\"application\/ld+json\" class=\"yoast-schema-graph\">{\"@context\":\"https:\/\/schema.org\",\"@graph\":[{\"@type\":\"WebPage\",\"@id\":\"https:\/\/www.jiproequip.com\/index.php\/producto\/elevadores-dos-postes\/\",\"url\":\"https:\/\/www.jiproequip.com\/index.php\/producto\/elevadores-dos-postes\/\",\"name\":\"Elevadores fijos con dos postes - Ji-proequip\",\"isPartOf\":{\"@id\":\"https:\/\/www.jiproequip.com\/#website\"},\"primaryImageOfPage\":{\"@id\":\"https:\/\/www.jiproequip.com\/index.php\/producto\/elevadores-dos-postes\/#primaryimage\"},\"image\":{\"@id\":\"https:\/\/www.jiproequip.com\/index.php\/producto\/elevadores-dos-postes\/#primaryimage\"},\"thumbnailUrl\":\"https:\/\/www.jiproequip.com\/wp-content\/uploads\/2023\/10\/Elevador-de-2-postes_Columbec_01_B.png\",\"datePublished\":\"2023-10-28T16:35:02+00:00\",\"dateModified\":\"2023-10-28T16:44:50+00:00\",\"breadcrumb\":{\"@id\":\"https:\/\/www.jiproequip.com\/index.php\/producto\/elevadores-dos-postes\/#breadcrumb\"},\"inLanguage\":\"es\",\"potentialAction\":[{\"@type\":\"ReadAction\",\"target\":[\"https:\/\/www.jiproequip.com\/index.php\/producto\/elevadores-dos-postes\/\"]}]},{\"@type\":\"ImageObject\",\"inLanguage\":\"es\",\"@id\":\"https:\/\/www.jiproequip.com\/index.php\/producto\/elevadores-dos-postes\/#primaryimage\",\"url\":\"https:\/\/www.jiproequip.com\/wp-content\/uploads\/2023\/10\/Elevador-de-2-postes_Columbec_01_B.png\",\"contentUrl\":\"https:\/\/www.jiproequip.com\/wp-content\/uploads\/2023\/10\/Elevador-de-2-postes_Columbec_01_B.png\",\"width\":600,\"height\":600},{\"@type\":\"BreadcrumbList\",\"@id\":\"https:\/\/www.jiproequip.com\/index.php\/producto\/elevadores-dos-postes\/#breadcrumb\",\"itemListElement\":[{\"@type\":\"ListItem\",\"position\":1,\"name\":\"Home\",\"item\":\"https:\/\/www.jiproequip.com\/\"},{\"@type\":\"ListItem\",\"position\":2,\"name\":\"Tienda\",\"item\":\"https:\/\/www.jiproequip.com\/index.php\/tienda\/\"},{\"@type\":\"ListItem\",\"position\":3,\"name\":\"Elevadores fijos con dos postes\"}]},{\"@type\":\"WebSite\",\"@id\":\"https:\/\/www.jiproequip.com\/#website\",\"url\":\"https:\/\/www.jiproequip.com\/\",\"name\":\"Ji-proequip\",\"description\":\"Venta de equipos industriales con servicio t\u00e9cnico especializado\",\"publisher\":{\"@id\":\"https:\/\/www.jiproequip.com\/#organization\"},\"potentialAction\":[{\"@type\":\"SearchAction\",\"target\":{\"@type\":\"EntryPoint\",\"urlTemplate\":\"https:\/\/www.jiproequip.com\/?s={search_term_string}\"},\"query-input\":{\"@type\":\"PropertyValueSpecification\",\"valueRequired\":true,\"valueName\":\"search_term_string\"}}],\"inLanguage\":\"es\"},{\"@type\":\"Organization\",\"@id\":\"https:\/\/www.jiproequip.com\/#organization\",\"name\":\"Ji-proequip\",\"url\":\"https:\/\/www.jiproequip.com\/\",\"logo\":{\"@type\":\"ImageObject\",\"inLanguage\":\"es\",\"@id\":\"https:\/\/www.jiproequip.com\/#\/schema\/logo\/image\/\",\"url\":\"https:\/\/www.jiproequip.com\/wp-content\/uploads\/2025\/06\/LOGO-JIproequip-2025.png\",\"contentUrl\":\"https:\/\/www.jiproequip.com\/wp-content\/uploads\/2025\/06\/LOGO-JIproequip-2025.png\",\"width\":2433,\"height\":596,\"caption\":\"Ji-proequip\"},\"image\":{\"@id\":\"https:\/\/www.jiproequip.com\/#\/schema\/logo\/image\/\"}}]}<\/script>\n<!-- \/ Yoast SEO plugin. -->","yoast_head_json":{"title":"Elevadores fijos con dos postes - Ji-proequip","robots":{"index":"index","follow":"follow","max-snippet":"max-snippet:-1","max-image-preview":"max-image-preview:large","max-video-preview":"max-video-preview:-1"},"canonical":"https:\/\/www.jiproequip.com\/index.php\/producto\/elevadores-dos-postes\/","og_locale":"es_ES","og_type":"article","og_title":"Elevadores fijos con dos postes - Ji-proequip","og_description":"La m\u00e1s completa gama de elevadores para autos de 2 postes, sistemas de servicio duradero y con capacidades de levantamiento de carga que van desde las 9.000 libras a 18.000 libras.No importa si se trata de veh\u00edculos o camionetas pues su resistencia esta garantizada, los dise\u00f1os son capaces de manejar todas las aplicaciones de elevaci\u00f3n [&hellip;]","og_url":"https:\/\/www.jiproequip.com\/index.php\/producto\/elevadores-dos-postes\/","og_site_name":"Ji-proequip","article_modified_time":"2023-10-28T16:44:50+00:00","og_image":[{"width":600,"height":600,"url":"https:\/\/www.jiproequip.com\/wp-content\/uploads\/2023\/10\/Elevador-de-2-postes_Columbec_01_B.png","type":"image\/png"}],"twitter_card":"summary_large_image","twitter_misc":{"Tiempo de lectura":"2 minutos"},"schema":{"@context":"https:\/\/schema.org","@graph":[{"@type":"WebPage","@id":"https:\/\/www.jiproequip.com\/index.php\/producto\/elevadores-dos-postes\/","url":"https:\/\/www.jiproequip.com\/index.php\/producto\/elevadores-dos-postes\/","name":"Elevadores fijos con dos postes - Ji-proequip","isPartOf":{"@id":"https:\/\/www.jiproequip.com\/#website"},"primaryImageOfPage":{"@id":"https:\/\/www.jiproequip.com\/index.php\/producto\/elevadores-dos-postes\/#primaryimage"},"image":{"@id":"https:\/\/www.jiproequip.com\/index.php\/producto\/elevadores-dos-postes\/#primaryimage"},"thumbnailUrl":"https:\/\/www.jiproequip.com\/wp-content\/uploads\/2023\/10\/Elevador-de-2-postes_Columbec_01_B.png","datePublished":"2023-10-28T16:35:02+00:00","dateModified":"2023-10-28T16:44:50+00:00","breadcrumb":{"@id":"https:\/\/www.jiproequip.com\/index.php\/producto\/elevadores-dos-postes\/#breadcrumb"},"inLanguage":"es","potentialAction":[{"@type":"ReadAction","target":["https:\/\/www.jiproequip.com\/index.php\/producto\/elevadores-dos-postes\/"]}]},{"@type":"ImageObject","inLanguage":"es","@id":"https:\/\/www.jiproequip.com\/index.php\/producto\/elevadores-dos-postes\/#primaryimage","url":"https:\/\/www.jiproequip.com\/wp-content\/uploads\/2023\/10\/Elevador-de-2-postes_Columbec_01_B.png","contentUrl":"https:\/\/www.jiproequip.com\/wp-content\/uploads\/2023\/10\/Elevador-de-2-postes_Columbec_01_B.png","width":600,"height":600},{"@type":"BreadcrumbList","@id":"https:\/\/www.jiproequip.com\/index.php\/producto\/elevadores-dos-postes\/#breadcrumb","itemListElement":[{"@type":"ListItem","position":1,"name":"Home","item":"https:\/\/www.jiproequip.com\/"},{"@type":"ListItem","position":2,"name":"Tienda","item":"https:\/\/www.jiproequip.com\/index.php\/tienda\/"},{"@type":"ListItem","position":3,"name":"Elevadores fijos con dos postes"}]},{"@type":"WebSite","@id":"https:\/\/www.jiproequip.com\/#website","url":"https:\/\/www.jiproequip.com\/","name":"Ji-proequip","description":"Venta de equipos industriales con servicio t\u00e9cnico especializado","publisher":{"@id":"https:\/\/www.jiproequip.com\/#organization"},"potentialAction":[{"@type":"SearchAction","target":{"@type":"EntryPoint","urlTemplate":"https:\/\/www.jiproequip.com\/?s={search_term_string}"},"query-input":{"@type":"PropertyValueSpecification","valueRequired":true,"valueName":"search_term_string"}}],"inLanguage":"es"},{"@type":"Organization","@id":"https:\/\/www.jiproequip.com\/#organization","name":"Ji-proequip","url":"https:\/\/www.jiproequip.com\/","logo":{"@type":"ImageObject","inLanguage":"es","@id":"https:\/\/www.jiproequip.com\/#\/schema\/logo\/image\/","url":"https:\/\/www.jiproequip.com\/wp-content\/uploads\/2025\/06\/LOGO-JIproequip-2025.png","contentUrl":"https:\/\/www.jiproequip.com\/wp-content\/uploads\/2025\/06\/LOGO-JIproequip-2025.png","width":2433,"height":596,"caption":"Ji-proequip"},"image":{"@id":"https:\/\/www.jiproequip.com\/#\/schema\/logo\/image\/"}}]}},"uagb_featured_image_src":{"full":["https:\/\/www.jiproequip.com\/wp-content\/uploads\/2023\/10\/Elevador-de-2-postes_Columbec_01_B.png",600,600,false],"thumbnail":["https:\/\/www.jiproequip.com\/wp-content\/uploads\/2023\/10\/Elevador-de-2-postes_Columbec_01_B.png",150,150,false],"medium":["https:\/\/www.jiproequip.com\/wp-content\/uploads\/2023\/10\/Elevador-de-2-postes_Columbec_01_B.png",300,300,false],"medium_large":["https:\/\/www.jiproequip.com\/wp-content\/uploads\/2023\/10\/Elevador-de-2-postes_Columbec_01_B.png",600,600,false],"large":["https:\/\/www.jiproequip.com\/wp-content\/uploads\/2023\/10\/Elevador-de-2-postes_Columbec_01_B.png",600,600,false],"1536x1536":["https:\/\/www.jiproequip.com\/wp-content\/uploads\/2023\/10\/Elevador-de-2-postes_Columbec_01_B.png",600,600,false],"2048x2048":["https:\/\/www.jiproequip.com\/wp-content\/uploads\/2023\/10\/Elevador-de-2-postes_Columbec_01_B.png",600,600,false],"mailpoet_newsletter_max":["https:\/\/www.jiproequip.com\/wp-content\/uploads\/2023\/10\/Elevador-de-2-postes_Columbec_01_B.png",600,600,false],"woocommerce_thumbnail":["https:\/\/www.jiproequip.com\/wp-content\/uploads\/2023\/10\/Elevador-de-2-postes_Columbec_01_B.png",300,300,false],"woocommerce_single":["https:\/\/www.jiproequip.com\/wp-content\/uploads\/2023\/10\/Elevador-de-2-postes_Columbec_01_B.png",600,600,false],"woocommerce_gallery_thumbnail":["https:\/\/www.jiproequip.com\/wp-content\/uploads\/2023\/10\/Elevador-de-2-postes_Columbec_01_B.png",100,100,false]},"uagb_author_info":{"display_name":"admin_jiproeq","author_link":"https:\/\/www.jiproequip.com\/index.php\/author\/"},"uagb_comment_info":0,"uagb_excerpt":"La m\u00e1s completa gama de elevadores para autos de 2 postes, sistemas de servicio duradero y con capacidades de levantamiento de carga que van desde las 9.000 libras a 18.000 libras.No importa si se trata de veh\u00edculos o camionetas pues su resistencia esta garantizada, los dise\u00f1os son capaces de manejar todas las aplicaciones de elevaci\u00f3n&hellip;","jetpack_sharing_enabled":true,"_links":{"self":[{"href":"https:\/\/www.jiproequip.com\/index.php\/wp-json\/wp\/v2\/product\/3791","targetHints":{"allow":["GET"]}}],"collection":[{"href":"https:\/\/www.jiproequip.com\/index.php\/wp-json\/wp\/v2\/product"}],"about":[{"href":"https:\/\/www.jiproequip.com\/index.php\/wp-json\/wp\/v2\/types\/product"}],"replies":[{"embeddable":true,"href":"https:\/\/www.jiproequip.com\/index.php\/wp-json\/wp\/v2\/comments?post=3791"}],"wp:featuredmedia":[{"embeddable":true,"href":"https:\/\/www.jiproequip.com\/index.php\/wp-json\/wp\/v2\/media\/3794"}],"wp:attachment":[{"href":"https:\/\/www.jiproequip.com\/index.php\/wp-json\/wp\/v2\/media?parent=3791"}],"wp:term":[{"taxonomy":"product_brand","embeddable":true,"href":"https:\/\/www.jiproequip.com\/index.php\/wp-json\/wp\/v2\/product_brand?post=3791"},{"taxonomy":"product_cat","embeddable":true,"href":"https:\/\/www.jiproequip.com\/index.php\/wp-json\/wp\/v2\/product_cat?post=3791"},{"taxonomy":"product_tag","embeddable":true,"href":"https:\/\/www.jiproequip.com\/index.php\/wp-json\/wp\/v2\/product_tag?post=3791"}],"curies":[{"name":"wp","href":"https:\/\/api.w.org\/{rel}","templated":true}]}}