{"id":3819,"date":"2023-10-28T12:53:55","date_gmt":"2023-10-28T17:53:55","guid":{"rendered":"https:\/\/www.jiproequip.com\/?post_type=product&#038;p=3819"},"modified":"2023-10-28T13:06:11","modified_gmt":"2023-10-28T18:06:11","slug":"elevadores-moviles","status":"publish","type":"product","link":"https:\/\/www.jiproequip.com\/index.php\/producto\/elevadores-moviles\/","title":{"rendered":"Elevadores m\u00f3viles"},"content":{"rendered":"<div class=\"pl_i2c\">\n<div class=\"pl_i2c\">\n<div class=\"pl_i2c\">\n<div class=\"pl_i2c\">\n<div class=\"pl_i2c\">\n<div class=\"pl_i2c\">\n<div class=\"pl_i2c\">\n<div class=\"pl_i2c\">\n<div class=\"pl_i2c\">\n<div class=\"pl_i2c\">\n<div class=\"pl_i2c\">\n<p>El equipo perfecto para sus instalaciones de trabajo pesado. Equipos elevadores de columna individual que permite desplazar el veh\u00edculo las veces que sea necesario.Equipos con dise\u00f1o ergon\u00f3mico, potencia, seguridad, durabilidad y m\u00e1ximo rendimiento. Con sus columnas port\u00e1tiles construidas exclusivamente para servicio de flotas de carga pesada y adecuadas para las aplicaciones m\u00e1s exigentes, con su montaje de superficie que no requiere ser anclado al piso, lo que lo vuelve m\u00e1s versatil y pr\u00e1ctico. Las columnas m\u00f3viles de elevaci\u00f3n le proporcionan flexibilidad y conveniencia de levantar camionetas de carga ligera, como aquellos veh\u00edculos de dos o tres ejes con capacidad de 108.000 libras con eje variado o de gran distancia entre ruedas. Obtenga m\u00e1s funciones y herramientas incorporadas para aumentar la producci\u00f3n y necesidades de su garaje. Su desempe\u00f1o profesional y sistema de calidad de energ\u00eda s\u00faper eficiente, trif\u00e1sico, para un rendimiento duradero, le ayuda a reducir costos de operaci\u00f3n. Nunca antes, un elevador de columnas port\u00e1tiles hab\u00eda sido tan capaz y vers\u00e1til para aplicaciones de uso tanto en interiores como exteriores.<br \/>\nLA MEJOR MOVILIDAD DE LA INDUSTRIA<br \/>\nRuedas delanteras de cinco pulgadas de Cush\u2010Ride\u2122 con un dise\u00f1o ajustable que garantiza un r\u00e1pido desplazamiento eliminando dificultad incluso en pisos irregulares, asfalto deteriorado o umbrales. Puede fijar la altura de las ruedas delanteras de la carrocer\u00eda para adaptarlo a sus necesidades. Tan s\u00f3lo gire el tornillo de ajuste a la posici\u00f3n m\u00e1xima y las piernas delanteras se elevar\u00e1n hasta tres pulgadas del piso facilitando el recorrido de carga de remolques o camiones en \u00e1reas donde existe drenaje o irregularidades de suelo. Las ruedas delanteras autom\u00e1ticamente se comprimen para establecer apoyo firme estable a la columna del elevador.<\/p>\n<\/div>\n<\/div>\n<\/div>\n<\/div>\n<\/div>\n<\/div>\n<\/div>\n<\/div>\n<\/div>\n<\/div>\n<\/div>\n","protected":false},"excerpt":{"rendered":"<p>El equipo perfecto para sus instalaciones de trabajo pesado. Equipos elevadores de columna individual que permite desplazar el veh\u00edculo las veces que sea necesario.Equipos con dise\u00f1o ergon\u00f3mico, potencia, seguridad, durabilidad y m\u00e1ximo rendimiento. Con sus columnas port\u00e1tiles construidas exclusivamente para servicio de flotas de carga pesada y adecuadas para las aplicaciones m\u00e1s exigentes, con su [&hellip;]<\/p>\n","protected":false},"featured_media":3822,"comment_status":"open","ping_status":"closed","template":"","meta":{"_uag_custom_page_level_css":""},"product_brand":[],"product_cat":[69],"product_tag":[],"class_list":{"0":"post-3819","1":"product","2":"type-product","3":"status-publish","4":"has-post-thumbnail","6":"product_cat-elevadores-automotrices","8":"first","9":"instock","10":"shipping-taxable","11":"product-type-simple"},"yoast_head":"<!-- This site is optimized with the Yoast SEO plugin v25.2 - https:\/\/yoast.com\/wordpress\/plugins\/seo\/ -->\n<title>Elevadores m\u00f3viles - Ji-proequip<\/title>\n<meta name=\"robots\" content=\"index, follow, max-snippet:-1, max-image-preview:large, max-video-preview:-1\" \/>\n<link rel=\"canonical\" href=\"https:\/\/www.jiproequip.com\/index.php\/producto\/elevadores-moviles\/\" \/>\n<meta property=\"og:locale\" content=\"es_ES\" \/>\n<meta property=\"og:type\" content=\"article\" \/>\n<meta property=\"og:title\" content=\"Elevadores m\u00f3viles - Ji-proequip\" \/>\n<meta property=\"og:description\" content=\"El equipo perfecto para sus instalaciones de trabajo pesado. Equipos elevadores de columna individual que permite desplazar el veh\u00edculo las veces que sea necesario.Equipos con dise\u00f1o ergon\u00f3mico, potencia, seguridad, durabilidad y m\u00e1ximo rendimiento. Con sus columnas port\u00e1tiles construidas exclusivamente para servicio de flotas de carga pesada y adecuadas para las aplicaciones m\u00e1s exigentes, con su [&hellip;]\" \/>\n<meta property=\"og:url\" content=\"https:\/\/www.jiproequip.com\/index.php\/producto\/elevadores-moviles\/\" \/>\n<meta property=\"og:site_name\" content=\"Ji-proequip\" \/>\n<meta property=\"article:modified_time\" content=\"2023-10-28T18:06:11+00:00\" \/>\n<meta property=\"og:image\" content=\"https:\/\/www.jiproequip.com\/wp-content\/uploads\/2023\/10\/elevadores_moviles_Columbec_01_B.png\" \/>\n\t<meta property=\"og:image:width\" content=\"600\" \/>\n\t<meta property=\"og:image:height\" content=\"600\" \/>\n\t<meta property=\"og:image:type\" content=\"image\/png\" \/>\n<meta name=\"twitter:card\" content=\"summary_large_image\" \/>\n<meta name=\"twitter:label1\" content=\"Tiempo de lectura\" \/>\n\t<meta name=\"twitter:data1\" content=\"2 minutos\" \/>\n<script type=\"application\/ld+json\" class=\"yoast-schema-graph\">{\"@context\":\"https:\/\/schema.org\",\"@graph\":[{\"@type\":\"WebPage\",\"@id\":\"https:\/\/www.jiproequip.com\/index.php\/producto\/elevadores-moviles\/\",\"url\":\"https:\/\/www.jiproequip.com\/index.php\/producto\/elevadores-moviles\/\",\"name\":\"Elevadores m\u00f3viles - Ji-proequip\",\"isPartOf\":{\"@id\":\"https:\/\/www.jiproequip.com\/#website\"},\"primaryImageOfPage\":{\"@id\":\"https:\/\/www.jiproequip.com\/index.php\/producto\/elevadores-moviles\/#primaryimage\"},\"image\":{\"@id\":\"https:\/\/www.jiproequip.com\/index.php\/producto\/elevadores-moviles\/#primaryimage\"},\"thumbnailUrl\":\"https:\/\/www.jiproequip.com\/wp-content\/uploads\/2023\/10\/elevadores_moviles_Columbec_01_B.png\",\"datePublished\":\"2023-10-28T17:53:55+00:00\",\"dateModified\":\"2023-10-28T18:06:11+00:00\",\"breadcrumb\":{\"@id\":\"https:\/\/www.jiproequip.com\/index.php\/producto\/elevadores-moviles\/#breadcrumb\"},\"inLanguage\":\"es\",\"potentialAction\":[{\"@type\":\"ReadAction\",\"target\":[\"https:\/\/www.jiproequip.com\/index.php\/producto\/elevadores-moviles\/\"]}]},{\"@type\":\"ImageObject\",\"inLanguage\":\"es\",\"@id\":\"https:\/\/www.jiproequip.com\/index.php\/producto\/elevadores-moviles\/#primaryimage\",\"url\":\"https:\/\/www.jiproequip.com\/wp-content\/uploads\/2023\/10\/elevadores_moviles_Columbec_01_B.png\",\"contentUrl\":\"https:\/\/www.jiproequip.com\/wp-content\/uploads\/2023\/10\/elevadores_moviles_Columbec_01_B.png\",\"width\":600,\"height\":600},{\"@type\":\"BreadcrumbList\",\"@id\":\"https:\/\/www.jiproequip.com\/index.php\/producto\/elevadores-moviles\/#breadcrumb\",\"itemListElement\":[{\"@type\":\"ListItem\",\"position\":1,\"name\":\"Home\",\"item\":\"https:\/\/www.jiproequip.com\/\"},{\"@type\":\"ListItem\",\"position\":2,\"name\":\"Tienda\",\"item\":\"https:\/\/www.jiproequip.com\/index.php\/tienda\/\"},{\"@type\":\"ListItem\",\"position\":3,\"name\":\"Elevadores m\u00f3viles\"}]},{\"@type\":\"WebSite\",\"@id\":\"https:\/\/www.jiproequip.com\/#website\",\"url\":\"https:\/\/www.jiproequip.com\/\",\"name\":\"Ji-proequip\",\"description\":\"Venta de equipos industriales con servicio t\u00e9cnico especializado\",\"publisher\":{\"@id\":\"https:\/\/www.jiproequip.com\/#organization\"},\"potentialAction\":[{\"@type\":\"SearchAction\",\"target\":{\"@type\":\"EntryPoint\",\"urlTemplate\":\"https:\/\/www.jiproequip.com\/?s={search_term_string}\"},\"query-input\":{\"@type\":\"PropertyValueSpecification\",\"valueRequired\":true,\"valueName\":\"search_term_string\"}}],\"inLanguage\":\"es\"},{\"@type\":\"Organization\",\"@id\":\"https:\/\/www.jiproequip.com\/#organization\",\"name\":\"Ji-proequip\",\"url\":\"https:\/\/www.jiproequip.com\/\",\"logo\":{\"@type\":\"ImageObject\",\"inLanguage\":\"es\",\"@id\":\"https:\/\/www.jiproequip.com\/#\/schema\/logo\/image\/\",\"url\":\"https:\/\/www.jiproequip.com\/wp-content\/uploads\/2025\/06\/LOGO-JIproequip-2025.png\",\"contentUrl\":\"https:\/\/www.jiproequip.com\/wp-content\/uploads\/2025\/06\/LOGO-JIproequip-2025.png\",\"width\":2433,\"height\":596,\"caption\":\"Ji-proequip\"},\"image\":{\"@id\":\"https:\/\/www.jiproequip.com\/#\/schema\/logo\/image\/\"}}]}<\/script>\n<!-- \/ Yoast SEO plugin. -->","yoast_head_json":{"title":"Elevadores m\u00f3viles - Ji-proequip","robots":{"index":"index","follow":"follow","max-snippet":"max-snippet:-1","max-image-preview":"max-image-preview:large","max-video-preview":"max-video-preview:-1"},"canonical":"https:\/\/www.jiproequip.com\/index.php\/producto\/elevadores-moviles\/","og_locale":"es_ES","og_type":"article","og_title":"Elevadores m\u00f3viles - Ji-proequip","og_description":"El equipo perfecto para sus instalaciones de trabajo pesado. Equipos elevadores de columna individual que permite desplazar el veh\u00edculo las veces que sea necesario.Equipos con dise\u00f1o ergon\u00f3mico, potencia, seguridad, durabilidad y m\u00e1ximo rendimiento. Con sus columnas port\u00e1tiles construidas exclusivamente para servicio de flotas de carga pesada y adecuadas para las aplicaciones m\u00e1s exigentes, con su [&hellip;]","og_url":"https:\/\/www.jiproequip.com\/index.php\/producto\/elevadores-moviles\/","og_site_name":"Ji-proequip","article_modified_time":"2023-10-28T18:06:11+00:00","og_image":[{"width":600,"height":600,"url":"https:\/\/www.jiproequip.com\/wp-content\/uploads\/2023\/10\/elevadores_moviles_Columbec_01_B.png","type":"image\/png"}],"twitter_card":"summary_large_image","twitter_misc":{"Tiempo de lectura":"2 minutos"},"schema":{"@context":"https:\/\/schema.org","@graph":[{"@type":"WebPage","@id":"https:\/\/www.jiproequip.com\/index.php\/producto\/elevadores-moviles\/","url":"https:\/\/www.jiproequip.com\/index.php\/producto\/elevadores-moviles\/","name":"Elevadores m\u00f3viles - Ji-proequip","isPartOf":{"@id":"https:\/\/www.jiproequip.com\/#website"},"primaryImageOfPage":{"@id":"https:\/\/www.jiproequip.com\/index.php\/producto\/elevadores-moviles\/#primaryimage"},"image":{"@id":"https:\/\/www.jiproequip.com\/index.php\/producto\/elevadores-moviles\/#primaryimage"},"thumbnailUrl":"https:\/\/www.jiproequip.com\/wp-content\/uploads\/2023\/10\/elevadores_moviles_Columbec_01_B.png","datePublished":"2023-10-28T17:53:55+00:00","dateModified":"2023-10-28T18:06:11+00:00","breadcrumb":{"@id":"https:\/\/www.jiproequip.com\/index.php\/producto\/elevadores-moviles\/#breadcrumb"},"inLanguage":"es","potentialAction":[{"@type":"ReadAction","target":["https:\/\/www.jiproequip.com\/index.php\/producto\/elevadores-moviles\/"]}]},{"@type":"ImageObject","inLanguage":"es","@id":"https:\/\/www.jiproequip.com\/index.php\/producto\/elevadores-moviles\/#primaryimage","url":"https:\/\/www.jiproequip.com\/wp-content\/uploads\/2023\/10\/elevadores_moviles_Columbec_01_B.png","contentUrl":"https:\/\/www.jiproequip.com\/wp-content\/uploads\/2023\/10\/elevadores_moviles_Columbec_01_B.png","width":600,"height":600},{"@type":"BreadcrumbList","@id":"https:\/\/www.jiproequip.com\/index.php\/producto\/elevadores-moviles\/#breadcrumb","itemListElement":[{"@type":"ListItem","position":1,"name":"Home","item":"https:\/\/www.jiproequip.com\/"},{"@type":"ListItem","position":2,"name":"Tienda","item":"https:\/\/www.jiproequip.com\/index.php\/tienda\/"},{"@type":"ListItem","position":3,"name":"Elevadores m\u00f3viles"}]},{"@type":"WebSite","@id":"https:\/\/www.jiproequip.com\/#website","url":"https:\/\/www.jiproequip.com\/","name":"Ji-proequip","description":"Venta de equipos industriales con servicio t\u00e9cnico especializado","publisher":{"@id":"https:\/\/www.jiproequip.com\/#organization"},"potentialAction":[{"@type":"SearchAction","target":{"@type":"EntryPoint","urlTemplate":"https:\/\/www.jiproequip.com\/?s={search_term_string}"},"query-input":{"@type":"PropertyValueSpecification","valueRequired":true,"valueName":"search_term_string"}}],"inLanguage":"es"},{"@type":"Organization","@id":"https:\/\/www.jiproequip.com\/#organization","name":"Ji-proequip","url":"https:\/\/www.jiproequip.com\/","logo":{"@type":"ImageObject","inLanguage":"es","@id":"https:\/\/www.jiproequip.com\/#\/schema\/logo\/image\/","url":"https:\/\/www.jiproequip.com\/wp-content\/uploads\/2025\/06\/LOGO-JIproequip-2025.png","contentUrl":"https:\/\/www.jiproequip.com\/wp-content\/uploads\/2025\/06\/LOGO-JIproequip-2025.png","width":2433,"height":596,"caption":"Ji-proequip"},"image":{"@id":"https:\/\/www.jiproequip.com\/#\/schema\/logo\/image\/"}}]}},"uagb_featured_image_src":{"full":["https:\/\/www.jiproequip.com\/wp-content\/uploads\/2023\/10\/elevadores_moviles_Columbec_01_B.png",600,600,false],"thumbnail":["https:\/\/www.jiproequip.com\/wp-content\/uploads\/2023\/10\/elevadores_moviles_Columbec_01_B.png",150,150,false],"medium":["https:\/\/www.jiproequip.com\/wp-content\/uploads\/2023\/10\/elevadores_moviles_Columbec_01_B.png",300,300,false],"medium_large":["https:\/\/www.jiproequip.com\/wp-content\/uploads\/2023\/10\/elevadores_moviles_Columbec_01_B.png",600,600,false],"large":["https:\/\/www.jiproequip.com\/wp-content\/uploads\/2023\/10\/elevadores_moviles_Columbec_01_B.png",600,600,false],"1536x1536":["https:\/\/www.jiproequip.com\/wp-content\/uploads\/2023\/10\/elevadores_moviles_Columbec_01_B.png",600,600,false],"2048x2048":["https:\/\/www.jiproequip.com\/wp-content\/uploads\/2023\/10\/elevadores_moviles_Columbec_01_B.png",600,600,false],"mailpoet_newsletter_max":["https:\/\/www.jiproequip.com\/wp-content\/uploads\/2023\/10\/elevadores_moviles_Columbec_01_B.png",600,600,false],"woocommerce_thumbnail":["https:\/\/www.jiproequip.com\/wp-content\/uploads\/2023\/10\/elevadores_moviles_Columbec_01_B.png",300,300,false],"woocommerce_single":["https:\/\/www.jiproequip.com\/wp-content\/uploads\/2023\/10\/elevadores_moviles_Columbec_01_B.png",600,600,false],"woocommerce_gallery_thumbnail":["https:\/\/www.jiproequip.com\/wp-content\/uploads\/2023\/10\/elevadores_moviles_Columbec_01_B.png",100,100,false]},"uagb_author_info":{"display_name":"admin_jiproeq","author_link":"https:\/\/www.jiproequip.com\/index.php\/author\/"},"uagb_comment_info":0,"uagb_excerpt":"El equipo perfecto para sus instalaciones de trabajo pesado. Equipos elevadores de columna individual que permite desplazar el veh\u00edculo las veces que sea necesario.Equipos con dise\u00f1o ergon\u00f3mico, potencia, seguridad, durabilidad y m\u00e1ximo rendimiento. Con sus columnas port\u00e1tiles construidas exclusivamente para servicio de flotas de carga pesada y adecuadas para las aplicaciones m\u00e1s exigentes, con su&hellip;","jetpack_sharing_enabled":true,"_links":{"self":[{"href":"https:\/\/www.jiproequip.com\/index.php\/wp-json\/wp\/v2\/product\/3819","targetHints":{"allow":["GET"]}}],"collection":[{"href":"https:\/\/www.jiproequip.com\/index.php\/wp-json\/wp\/v2\/product"}],"about":[{"href":"https:\/\/www.jiproequip.com\/index.php\/wp-json\/wp\/v2\/types\/product"}],"replies":[{"embeddable":true,"href":"https:\/\/www.jiproequip.com\/index.php\/wp-json\/wp\/v2\/comments?post=3819"}],"wp:featuredmedia":[{"embeddable":true,"href":"https:\/\/www.jiproequip.com\/index.php\/wp-json\/wp\/v2\/media\/3822"}],"wp:attachment":[{"href":"https:\/\/www.jiproequip.com\/index.php\/wp-json\/wp\/v2\/media?parent=3819"}],"wp:term":[{"taxonomy":"product_brand","embeddable":true,"href":"https:\/\/www.jiproequip.com\/index.php\/wp-json\/wp\/v2\/product_brand?post=3819"},{"taxonomy":"product_cat","embeddable":true,"href":"https:\/\/www.jiproequip.com\/index.php\/wp-json\/wp\/v2\/product_cat?post=3819"},{"taxonomy":"product_tag","embeddable":true,"href":"https:\/\/www.jiproequip.com\/index.php\/wp-json\/wp\/v2\/product_tag?post=3819"}],"curies":[{"name":"wp","href":"https:\/\/api.w.org\/{rel}","templated":true}]}}