{"id":3901,"date":"2023-10-29T15:07:33","date_gmt":"2023-10-29T20:07:33","guid":{"rendered":"https:\/\/www.jiproequip.com\/?post_type=product&#038;p=3901"},"modified":"2023-10-29T15:18:07","modified_gmt":"2023-10-29T20:18:07","slug":"pistola-automatica-dispensado-combustible-1pulgada","status":"publish","type":"product","link":"https:\/\/www.jiproequip.com\/index.php\/producto\/pistola-automatica-dispensado-combustible-1pulgada\/","title":{"rendered":"Pistola autom\u00e1tica de 1&#8243; con gancho"},"content":{"rendered":"<div class=\"pl_i2c\">\n<div class=\"pl_i2c\">\n<div class=\"pl_i2c\">\n<div class=\"pl_i2c\">\n<div class=\"pl_i2c\">\n<div class=\"pl_i2c\">\n<div class=\"pl_i2c\">\n<div class=\"pl_i2c\">\n<div class=\"pl_i2c\">\n<div class=\"pl_i2c\">\n<div class=\"pl_i2c\">\n<div class=\"pl_i2c\">\n<div class=\"pl_i2c\">\n<div class=\"pl_i2c\">\n<div class=\"pl_i2c\">\n<p>Pistola autom\u00e1tica de 1&#8243; para gasolina, di\u00e9sel, E15, biodi\u00e9sel de hasta B20 y queroseno. Incluye resorte de agarre en el pico, admisi\u00f3n en \u00e1ngulo para reducir el desgaste de la manguera, cubierta resistente al clima, cierre de apertura fija en tres posiciones, homologado por UL\/cUL.<\/p>\n<div class=\"arprH0\">\n<p>Pistola autom\u00e1tica para gasolina compatible con una amplia gama de productos con petr\u00f3leo, adquiera la pistola dispensadora como parte de un paquete completo de bomba o como una compra independiente. Fabricadas en una combinaci\u00f3n de aluminio fundido altamente resistente y palancas Super-Tuff de nylon relleno con vidrio, adicional los protectores para la mano proporcionan comodidad y buen agarre.<\/p>\n<\/div>\n<\/div>\n<\/div>\n<\/div>\n<\/div>\n<\/div>\n<\/div>\n<\/div>\n<\/div>\n<\/div>\n<\/div>\n<\/div>\n<\/div>\n<\/div>\n<\/div>\n<\/div>\n","protected":false},"excerpt":{"rendered":"<p>Pistola autom\u00e1tica de 1&#8243; para gasolina, di\u00e9sel, E15, biodi\u00e9sel de hasta B20 y queroseno. Incluye resorte de agarre en el pico, admisi\u00f3n en \u00e1ngulo para reducir el desgaste de la manguera, cubierta resistente al clima, cierre de apertura fija en tres posiciones, homologado por UL\/cUL. Pistola autom\u00e1tica para gasolina compatible con una amplia gama de [&hellip;]<\/p>\n","protected":false},"featured_media":3904,"comment_status":"open","ping_status":"closed","template":"","meta":{"_uag_custom_page_level_css":""},"product_brand":[],"product_cat":[73],"product_tag":[],"class_list":{"0":"post-3901","1":"product","2":"type-product","3":"status-publish","4":"has-post-thumbnail","6":"product_cat-accesorio-sistemas-bombeo","8":"first","9":"instock","10":"shipping-taxable","11":"product-type-simple"},"yoast_head":"<!-- This site is optimized with the Yoast SEO plugin v25.2 - https:\/\/yoast.com\/wordpress\/plugins\/seo\/ -->\n<title>Pistola autom\u00e1tica de 1&quot; con gancho - Ji-proequip<\/title>\n<meta name=\"robots\" content=\"index, follow, max-snippet:-1, max-image-preview:large, max-video-preview:-1\" \/>\n<link rel=\"canonical\" href=\"https:\/\/www.jiproequip.com\/index.php\/producto\/pistola-automatica-dispensado-combustible-1pulgada\/\" \/>\n<meta property=\"og:locale\" content=\"es_ES\" \/>\n<meta property=\"og:type\" content=\"article\" \/>\n<meta property=\"og:title\" content=\"Pistola autom\u00e1tica de 1&quot; con gancho - Ji-proequip\" \/>\n<meta property=\"og:description\" content=\"Pistola autom\u00e1tica de 1&#8243; para gasolina, di\u00e9sel, E15, biodi\u00e9sel de hasta B20 y queroseno. Incluye resorte de agarre en el pico, admisi\u00f3n en \u00e1ngulo para reducir el desgaste de la manguera, cubierta resistente al clima, cierre de apertura fija en tres posiciones, homologado por UL\/cUL. Pistola autom\u00e1tica para gasolina compatible con una amplia gama de [&hellip;]\" \/>\n<meta property=\"og:url\" content=\"https:\/\/www.jiproequip.com\/index.php\/producto\/pistola-automatica-dispensado-combustible-1pulgada\/\" \/>\n<meta property=\"og:site_name\" content=\"Ji-proequip\" \/>\n<meta property=\"article:modified_time\" content=\"2023-10-29T20:18:07+00:00\" \/>\n<meta property=\"og:image\" content=\"https:\/\/www.jiproequip.com\/wp-content\/uploads\/2023\/10\/pistola_automatica_dispensado_combustible_Columbec_01_B.png\" \/>\n\t<meta property=\"og:image:width\" content=\"600\" \/>\n\t<meta property=\"og:image:height\" content=\"600\" \/>\n\t<meta property=\"og:image:type\" content=\"image\/png\" \/>\n<meta name=\"twitter:card\" content=\"summary_large_image\" \/>\n<meta name=\"twitter:label1\" content=\"Tiempo de lectura\" \/>\n\t<meta name=\"twitter:data1\" content=\"1 minuto\" \/>\n<script type=\"application\/ld+json\" class=\"yoast-schema-graph\">{\"@context\":\"https:\/\/schema.org\",\"@graph\":[{\"@type\":\"WebPage\",\"@id\":\"https:\/\/www.jiproequip.com\/index.php\/producto\/pistola-automatica-dispensado-combustible-1pulgada\/\",\"url\":\"https:\/\/www.jiproequip.com\/index.php\/producto\/pistola-automatica-dispensado-combustible-1pulgada\/\",\"name\":\"Pistola autom\u00e1tica de 1\\\" con gancho - Ji-proequip\",\"isPartOf\":{\"@id\":\"https:\/\/www.jiproequip.com\/#website\"},\"primaryImageOfPage\":{\"@id\":\"https:\/\/www.jiproequip.com\/index.php\/producto\/pistola-automatica-dispensado-combustible-1pulgada\/#primaryimage\"},\"image\":{\"@id\":\"https:\/\/www.jiproequip.com\/index.php\/producto\/pistola-automatica-dispensado-combustible-1pulgada\/#primaryimage\"},\"thumbnailUrl\":\"https:\/\/www.jiproequip.com\/wp-content\/uploads\/2023\/10\/pistola_automatica_dispensado_combustible_Columbec_01_B.png\",\"datePublished\":\"2023-10-29T20:07:33+00:00\",\"dateModified\":\"2023-10-29T20:18:07+00:00\",\"breadcrumb\":{\"@id\":\"https:\/\/www.jiproequip.com\/index.php\/producto\/pistola-automatica-dispensado-combustible-1pulgada\/#breadcrumb\"},\"inLanguage\":\"es\",\"potentialAction\":[{\"@type\":\"ReadAction\",\"target\":[\"https:\/\/www.jiproequip.com\/index.php\/producto\/pistola-automatica-dispensado-combustible-1pulgada\/\"]}]},{\"@type\":\"ImageObject\",\"inLanguage\":\"es\",\"@id\":\"https:\/\/www.jiproequip.com\/index.php\/producto\/pistola-automatica-dispensado-combustible-1pulgada\/#primaryimage\",\"url\":\"https:\/\/www.jiproequip.com\/wp-content\/uploads\/2023\/10\/pistola_automatica_dispensado_combustible_Columbec_01_B.png\",\"contentUrl\":\"https:\/\/www.jiproequip.com\/wp-content\/uploads\/2023\/10\/pistola_automatica_dispensado_combustible_Columbec_01_B.png\",\"width\":600,\"height\":600},{\"@type\":\"BreadcrumbList\",\"@id\":\"https:\/\/www.jiproequip.com\/index.php\/producto\/pistola-automatica-dispensado-combustible-1pulgada\/#breadcrumb\",\"itemListElement\":[{\"@type\":\"ListItem\",\"position\":1,\"name\":\"Home\",\"item\":\"https:\/\/www.jiproequip.com\/\"},{\"@type\":\"ListItem\",\"position\":2,\"name\":\"Tienda\",\"item\":\"https:\/\/www.jiproequip.com\/index.php\/tienda\/\"},{\"@type\":\"ListItem\",\"position\":3,\"name\":\"Pistola autom\u00e1tica de 1&#8243; con gancho\"}]},{\"@type\":\"WebSite\",\"@id\":\"https:\/\/www.jiproequip.com\/#website\",\"url\":\"https:\/\/www.jiproequip.com\/\",\"name\":\"Ji-proequip\",\"description\":\"Venta de equipos industriales con servicio t\u00e9cnico especializado\",\"publisher\":{\"@id\":\"https:\/\/www.jiproequip.com\/#organization\"},\"potentialAction\":[{\"@type\":\"SearchAction\",\"target\":{\"@type\":\"EntryPoint\",\"urlTemplate\":\"https:\/\/www.jiproequip.com\/?s={search_term_string}\"},\"query-input\":{\"@type\":\"PropertyValueSpecification\",\"valueRequired\":true,\"valueName\":\"search_term_string\"}}],\"inLanguage\":\"es\"},{\"@type\":\"Organization\",\"@id\":\"https:\/\/www.jiproequip.com\/#organization\",\"name\":\"Ji-proequip\",\"url\":\"https:\/\/www.jiproequip.com\/\",\"logo\":{\"@type\":\"ImageObject\",\"inLanguage\":\"es\",\"@id\":\"https:\/\/www.jiproequip.com\/#\/schema\/logo\/image\/\",\"url\":\"https:\/\/www.jiproequip.com\/wp-content\/uploads\/2025\/06\/LOGO-JIproequip-2025.png\",\"contentUrl\":\"https:\/\/www.jiproequip.com\/wp-content\/uploads\/2025\/06\/LOGO-JIproequip-2025.png\",\"width\":2433,\"height\":596,\"caption\":\"Ji-proequip\"},\"image\":{\"@id\":\"https:\/\/www.jiproequip.com\/#\/schema\/logo\/image\/\"}}]}<\/script>\n<!-- \/ Yoast SEO plugin. -->","yoast_head_json":{"title":"Pistola autom\u00e1tica de 1\" con gancho - Ji-proequip","robots":{"index":"index","follow":"follow","max-snippet":"max-snippet:-1","max-image-preview":"max-image-preview:large","max-video-preview":"max-video-preview:-1"},"canonical":"https:\/\/www.jiproequip.com\/index.php\/producto\/pistola-automatica-dispensado-combustible-1pulgada\/","og_locale":"es_ES","og_type":"article","og_title":"Pistola autom\u00e1tica de 1\" con gancho - Ji-proequip","og_description":"Pistola autom\u00e1tica de 1&#8243; para gasolina, di\u00e9sel, E15, biodi\u00e9sel de hasta B20 y queroseno. Incluye resorte de agarre en el pico, admisi\u00f3n en \u00e1ngulo para reducir el desgaste de la manguera, cubierta resistente al clima, cierre de apertura fija en tres posiciones, homologado por UL\/cUL. Pistola autom\u00e1tica para gasolina compatible con una amplia gama de [&hellip;]","og_url":"https:\/\/www.jiproequip.com\/index.php\/producto\/pistola-automatica-dispensado-combustible-1pulgada\/","og_site_name":"Ji-proequip","article_modified_time":"2023-10-29T20:18:07+00:00","og_image":[{"width":600,"height":600,"url":"https:\/\/www.jiproequip.com\/wp-content\/uploads\/2023\/10\/pistola_automatica_dispensado_combustible_Columbec_01_B.png","type":"image\/png"}],"twitter_card":"summary_large_image","twitter_misc":{"Tiempo de lectura":"1 minuto"},"schema":{"@context":"https:\/\/schema.org","@graph":[{"@type":"WebPage","@id":"https:\/\/www.jiproequip.com\/index.php\/producto\/pistola-automatica-dispensado-combustible-1pulgada\/","url":"https:\/\/www.jiproequip.com\/index.php\/producto\/pistola-automatica-dispensado-combustible-1pulgada\/","name":"Pistola autom\u00e1tica de 1\" con gancho - Ji-proequip","isPartOf":{"@id":"https:\/\/www.jiproequip.com\/#website"},"primaryImageOfPage":{"@id":"https:\/\/www.jiproequip.com\/index.php\/producto\/pistola-automatica-dispensado-combustible-1pulgada\/#primaryimage"},"image":{"@id":"https:\/\/www.jiproequip.com\/index.php\/producto\/pistola-automatica-dispensado-combustible-1pulgada\/#primaryimage"},"thumbnailUrl":"https:\/\/www.jiproequip.com\/wp-content\/uploads\/2023\/10\/pistola_automatica_dispensado_combustible_Columbec_01_B.png","datePublished":"2023-10-29T20:07:33+00:00","dateModified":"2023-10-29T20:18:07+00:00","breadcrumb":{"@id":"https:\/\/www.jiproequip.com\/index.php\/producto\/pistola-automatica-dispensado-combustible-1pulgada\/#breadcrumb"},"inLanguage":"es","potentialAction":[{"@type":"ReadAction","target":["https:\/\/www.jiproequip.com\/index.php\/producto\/pistola-automatica-dispensado-combustible-1pulgada\/"]}]},{"@type":"ImageObject","inLanguage":"es","@id":"https:\/\/www.jiproequip.com\/index.php\/producto\/pistola-automatica-dispensado-combustible-1pulgada\/#primaryimage","url":"https:\/\/www.jiproequip.com\/wp-content\/uploads\/2023\/10\/pistola_automatica_dispensado_combustible_Columbec_01_B.png","contentUrl":"https:\/\/www.jiproequip.com\/wp-content\/uploads\/2023\/10\/pistola_automatica_dispensado_combustible_Columbec_01_B.png","width":600,"height":600},{"@type":"BreadcrumbList","@id":"https:\/\/www.jiproequip.com\/index.php\/producto\/pistola-automatica-dispensado-combustible-1pulgada\/#breadcrumb","itemListElement":[{"@type":"ListItem","position":1,"name":"Home","item":"https:\/\/www.jiproequip.com\/"},{"@type":"ListItem","position":2,"name":"Tienda","item":"https:\/\/www.jiproequip.com\/index.php\/tienda\/"},{"@type":"ListItem","position":3,"name":"Pistola autom\u00e1tica de 1&#8243; con gancho"}]},{"@type":"WebSite","@id":"https:\/\/www.jiproequip.com\/#website","url":"https:\/\/www.jiproequip.com\/","name":"Ji-proequip","description":"Venta de equipos industriales con servicio t\u00e9cnico especializado","publisher":{"@id":"https:\/\/www.jiproequip.com\/#organization"},"potentialAction":[{"@type":"SearchAction","target":{"@type":"EntryPoint","urlTemplate":"https:\/\/www.jiproequip.com\/?s={search_term_string}"},"query-input":{"@type":"PropertyValueSpecification","valueRequired":true,"valueName":"search_term_string"}}],"inLanguage":"es"},{"@type":"Organization","@id":"https:\/\/www.jiproequip.com\/#organization","name":"Ji-proequip","url":"https:\/\/www.jiproequip.com\/","logo":{"@type":"ImageObject","inLanguage":"es","@id":"https:\/\/www.jiproequip.com\/#\/schema\/logo\/image\/","url":"https:\/\/www.jiproequip.com\/wp-content\/uploads\/2025\/06\/LOGO-JIproequip-2025.png","contentUrl":"https:\/\/www.jiproequip.com\/wp-content\/uploads\/2025\/06\/LOGO-JIproequip-2025.png","width":2433,"height":596,"caption":"Ji-proequip"},"image":{"@id":"https:\/\/www.jiproequip.com\/#\/schema\/logo\/image\/"}}]}},"uagb_featured_image_src":{"full":["https:\/\/www.jiproequip.com\/wp-content\/uploads\/2023\/10\/pistola_automatica_dispensado_combustible_Columbec_01_B.png",600,600,false],"thumbnail":["https:\/\/www.jiproequip.com\/wp-content\/uploads\/2023\/10\/pistola_automatica_dispensado_combustible_Columbec_01_B.png",150,150,false],"medium":["https:\/\/www.jiproequip.com\/wp-content\/uploads\/2023\/10\/pistola_automatica_dispensado_combustible_Columbec_01_B.png",300,300,false],"medium_large":["https:\/\/www.jiproequip.com\/wp-content\/uploads\/2023\/10\/pistola_automatica_dispensado_combustible_Columbec_01_B.png",600,600,false],"large":["https:\/\/www.jiproequip.com\/wp-content\/uploads\/2023\/10\/pistola_automatica_dispensado_combustible_Columbec_01_B.png",600,600,false],"1536x1536":["https:\/\/www.jiproequip.com\/wp-content\/uploads\/2023\/10\/pistola_automatica_dispensado_combustible_Columbec_01_B.png",600,600,false],"2048x2048":["https:\/\/www.jiproequip.com\/wp-content\/uploads\/2023\/10\/pistola_automatica_dispensado_combustible_Columbec_01_B.png",600,600,false],"mailpoet_newsletter_max":["https:\/\/www.jiproequip.com\/wp-content\/uploads\/2023\/10\/pistola_automatica_dispensado_combustible_Columbec_01_B.png",600,600,false],"woocommerce_thumbnail":["https:\/\/www.jiproequip.com\/wp-content\/uploads\/2023\/10\/pistola_automatica_dispensado_combustible_Columbec_01_B.png",300,300,false],"woocommerce_single":["https:\/\/www.jiproequip.com\/wp-content\/uploads\/2023\/10\/pistola_automatica_dispensado_combustible_Columbec_01_B.png",600,600,false],"woocommerce_gallery_thumbnail":["https:\/\/www.jiproequip.com\/wp-content\/uploads\/2023\/10\/pistola_automatica_dispensado_combustible_Columbec_01_B.png",100,100,false]},"uagb_author_info":{"display_name":"admin_jiproeq","author_link":"https:\/\/www.jiproequip.com\/index.php\/author\/"},"uagb_comment_info":0,"uagb_excerpt":"Pistola autom\u00e1tica de 1&#8243; para gasolina, di\u00e9sel, E15, biodi\u00e9sel de hasta B20 y queroseno. Incluye resorte de agarre en el pico, admisi\u00f3n en \u00e1ngulo para reducir el desgaste de la manguera, cubierta resistente al clima, cierre de apertura fija en tres posiciones, homologado por UL\/cUL. Pistola autom\u00e1tica para gasolina compatible con una amplia gama de&hellip;","jetpack_sharing_enabled":true,"_links":{"self":[{"href":"https:\/\/www.jiproequip.com\/index.php\/wp-json\/wp\/v2\/product\/3901","targetHints":{"allow":["GET"]}}],"collection":[{"href":"https:\/\/www.jiproequip.com\/index.php\/wp-json\/wp\/v2\/product"}],"about":[{"href":"https:\/\/www.jiproequip.com\/index.php\/wp-json\/wp\/v2\/types\/product"}],"replies":[{"embeddable":true,"href":"https:\/\/www.jiproequip.com\/index.php\/wp-json\/wp\/v2\/comments?post=3901"}],"wp:featuredmedia":[{"embeddable":true,"href":"https:\/\/www.jiproequip.com\/index.php\/wp-json\/wp\/v2\/media\/3904"}],"wp:attachment":[{"href":"https:\/\/www.jiproequip.com\/index.php\/wp-json\/wp\/v2\/media?parent=3901"}],"wp:term":[{"taxonomy":"product_brand","embeddable":true,"href":"https:\/\/www.jiproequip.com\/index.php\/wp-json\/wp\/v2\/product_brand?post=3901"},{"taxonomy":"product_cat","embeddable":true,"href":"https:\/\/www.jiproequip.com\/index.php\/wp-json\/wp\/v2\/product_cat?post=3901"},{"taxonomy":"product_tag","embeddable":true,"href":"https:\/\/www.jiproequip.com\/index.php\/wp-json\/wp\/v2\/product_tag?post=3901"}],"curies":[{"name":"wp","href":"https:\/\/api.w.org\/{rel}","templated":true}]}}